CRAN Package Check Results for Package multgee

Last updated on 2022-05-15 01:52:24 CEST.

Flavor Version Tinstall Tcheck Ttotal Status Flags
r-devel-linux-x86_64-debian-clang 1.8.0 38.75 139.65 178.40 OK
r-devel-linux-x86_64-debian-gcc 1.8.0 28.95 101.79 130.74 OK
r-devel-linux-x86_64-fedora-clang 1.8.0 216.51 OK
r-devel-linux-x86_64-fedora-gcc 1.8.0 207.29 OK
r-devel-windows-x86_64 1.8.0 43.00 173.00 216.00 OK
r-patched-linux-x86_64 1.8.0 33.42 131.14 164.56 OK
r-release-linux-x86_64 1.8.0 34.09 131.80 165.89 OK
r-release-macos-arm64 1.8.0 67.00 WARN
r-release-macos-x86_64 1.8.0 87.00 WARN
r-release-windows-x86_64 1.8.0 55.00 170.00 225.00 OK
r-oldrel-macos-arm64 1.8.0 68.00 OK
r-oldrel-macos-x86_64 1.8.0 107.00 OK
r-oldrel-windows-ix86+x86_64 1.8.0 93.00 195.00 288.00 OK

Check Details

Version: 1.8.0
Check: re-building of vignette outputs
Result: WARN
    Error(s) in re-building vignettes:
     ...
    --- re-building ‘multgee_vignette.Rmd’ using rmarkdown
    ! LaTeX Error: File `orcidlink.sty' not found.
    
    ! Emergency stop.
    <read *>
    
    Error: processing vignette 'multgee_vignette.Rmd' failed with diagnostics:
    LaTeX failed to compile /Volumes/Builds/packages/big-sur-arm64/results/4.2/multgee.Rcheck/vign_test/multgee/vignettes/multgee_vignette.tex. See https://yihui.org/tinytex/r/#debugging for debugging tips. See multgee_vignette.log for more info.
    --- failed re-building ‘multgee_vignette.Rmd’
    
    SUMMARY: processing the following file failed:
     ‘multgee_vignette.Rmd’
    
    Error: Vignette re-building failed.
    Execution halted
Flavor: r-release-macos-arm64

Version: 1.8.0
Check: re-building of vignette outputs
Result: WARN
    Error(s) in re-building vignettes:
     ...
    --- re-building ‘multgee_vignette.Rmd’ using rmarkdown
    ! LaTeX Error: File `orcidlink.sty' not found.
    
    ! Emergency stop.
    <read *>
    
    Error: processing vignette 'multgee_vignette.Rmd' failed with diagnostics:
    LaTeX failed to compile /Volumes/Builds/packages/high-sierra-x86_64/results/4.2/multgee.Rcheck/vign_test/multgee/vignettes/multgee_vignette.tex. See https://yihui.org/tinytex/r/#debugging for debugging tips. See multgee_vignette.log for more info.
    --- failed re-building ‘multgee_vignette.Rmd’
    
    SUMMARY: processing the following file failed:
     ‘multgee_vignette.Rmd’
    
    Error: Vignette re-building failed.
    Execution halted
Flavor: r-release-macos-x86_64