Last updated on 2022-05-15 01:52:24 CEST.
Flavor | Version | Tinstall | Tcheck | Ttotal | Status | Flags |
---|---|---|---|---|---|---|
r-devel-linux-x86_64-debian-clang | 1.0.6 | 9.10 | 95.70 | 104.80 | OK | |
r-devel-linux-x86_64-debian-gcc | 1.0.6 | 6.87 | 71.45 | 78.32 | OK | |
r-devel-linux-x86_64-fedora-clang | 1.0.6 | 131.24 | OK | |||
r-devel-linux-x86_64-fedora-gcc | 1.0.6 | 129.59 | OK | |||
r-devel-windows-x86_64 | 1.0.6 | 20.00 | 121.00 | 141.00 | OK | |
r-patched-linux-x86_64 | 1.0.6 | 9.46 | 89.68 | 99.14 | OK | |
r-release-linux-x86_64 | 1.0.6 | 9.10 | 89.34 | 98.44 | OK | |
r-release-macos-arm64 | 1.0.6 | 37.00 | OK | |||
r-release-macos-x86_64 | 1.0.6 | 59.00 | NOTE | |||
r-release-windows-x86_64 | 1.0.6 | 28.00 | 121.00 | 149.00 | OK | |
r-oldrel-macos-arm64 | 1.0.6 | 34.00 | OK | |||
r-oldrel-macos-x86_64 | 1.0.6 | 50.00 | OK | |||
r-oldrel-windows-ix86+x86_64 | 1.0.6 | 21.00 | 120.00 | 141.00 | OK |
Version: 1.0.6
Check: package dependencies
Result: NOTE
Package suggested but not available for checking: ‘glmulti’
Flavor: r-release-macos-x86_64