CRAN Package Check Results for Package mpcmp

Last updated on 2022-05-15 01:52:24 CEST.

Flavor Version Tinstall Tcheck Ttotal Status Flags
r-devel-linux-x86_64-debian-clang 0.3.6 25.62 212.07 237.69 ERROR
r-devel-linux-x86_64-debian-gcc 0.3.6 19.35 151.48 170.83 ERROR
r-devel-linux-x86_64-fedora-clang 0.3.6 292.93 ERROR
r-devel-linux-x86_64-fedora-gcc 0.3.6 289.27 ERROR
r-devel-windows-x86_64 0.3.6 44.00 279.00 323.00 ERROR
r-patched-linux-x86_64 0.3.6 33.43 205.55 238.98 OK
r-release-linux-x86_64 0.3.6 19.06 203.12 222.18 OK
r-release-macos-arm64 0.3.6 80.00 OK
r-release-macos-x86_64 0.3.6 131.00 OK
r-release-windows-x86_64 0.3.6 53.00 283.00 336.00 OK
r-oldrel-macos-arm64 0.3.6 102.00 OK
r-oldrel-macos-x86_64 0.3.6 135.00 OK
r-oldrel-windows-ix86+x86_64 0.3.6 62.00 500.00 562.00 OK

Check Details

Version: 0.3.6
Check: tests
Result: ERROR
     Running 'spelling.R' [0s/0s]
     Running 'testthat.R' [63s/79s]
    Running the tests in 'tests/testthat.R' failed.
    Complete output:
     > library(testthat)
     > library(mpcmp)
     >
     > test_check("mpcmp")
     [ FAIL 1 | WARN 0 | SKIP 0 | PASS 102 ]
    
     == Failed tests ================================================================
     -- Failure (test_summarise.R:74:13): Test sumamry ------------------------------
     capture_output_lines(print(summary(M.sit)))[20] not equal to "extractLeaf -0.3831 0.6509 -0.589 0.556".
     1/1 mismatches
     x[1]: "extractLeaf -0.3831 0.6508 -0.589 0.556"
     y[1]: "extractLeaf -0.3831 0.6509 -0.589 0.556"
    
     [ FAIL 1 | WARN 0 | SKIP 0 | PASS 102 ]
     Error: Test failures
     Execution halted
Flavor: r-devel-linux-x86_64-debian-clang

Version: 0.3.6
Check: tests
Result: ERROR
     Running ‘spelling.R’ [0s/1s]
     Running ‘testthat.R’ [43s/69s]
    Running the tests in ‘tests/testthat.R’ failed.
    Complete output:
     > library(testthat)
     > library(mpcmp)
     >
     > test_check("mpcmp")
     [ FAIL 1 | WARN 0 | SKIP 0 | PASS 102 ]
    
     ══ Failed tests ════════════════════════════════════════════════════════════════
     ── Failure (test_summarise.R:74:13): Test sumamry ──────────────────────────────
     capture_output_lines(print(summary(M.sit)))[20] not equal to "extractLeaf -0.3831 0.6509 -0.589 0.556".
     1/1 mismatches
     x[1]: "extractLeaf -0.3831 0.6508 -0.589 0.556"
     y[1]: "extractLeaf -0.3831 0.6509 -0.589 0.556"
    
     [ FAIL 1 | WARN 0 | SKIP 0 | PASS 102 ]
     Error: Test failures
     Execution halted
Flavor: r-devel-linux-x86_64-debian-gcc

Version: 0.3.6
Check: tests
Result: ERROR
     Running ‘spelling.R’
     Running ‘testthat.R’ [75s/243s]
    Running the tests in ‘tests/testthat.R’ failed.
    Complete output:
     > library(testthat)
     > library(mpcmp)
     >
     > test_check("mpcmp")
     [ FAIL 1 | WARN 0 | SKIP 0 | PASS 102 ]
    
     ══ Failed tests ════════════════════════════════════════════════════════════════
     ── Failure (test_summarise.R:74:13): Test sumamry ──────────────────────────────
     capture_output_lines(print(summary(M.sit)))[20] not equal to "extractLeaf -0.3831 0.6509 -0.589 0.556".
     1/1 mismatches
     x[1]: "extractLeaf -0.3831 0.6508 -0.589 0.556"
     y[1]: "extractLeaf -0.3831 0.6509 -0.589 0.556"
    
     [ FAIL 1 | WARN 0 | SKIP 0 | PASS 102 ]
     Error: Test failures
     Execution halted
Flavor: r-devel-linux-x86_64-fedora-clang

Version: 0.3.6
Check: tests
Result: ERROR
     Running ‘spelling.R’
     Running ‘testthat.R’ [75s/157s]
    Running the tests in ‘tests/testthat.R’ failed.
    Complete output:
     > library(testthat)
     > library(mpcmp)
     >
     > test_check("mpcmp")
     [ FAIL 1 | WARN 0 | SKIP 0 | PASS 102 ]
    
     ══ Failed tests ════════════════════════════════════════════════════════════════
     ── Failure (test_summarise.R:74:13): Test sumamry ──────────────────────────────
     capture_output_lines(print(summary(M.sit)))[20] not equal to "extractLeaf -0.3831 0.6509 -0.589 0.556".
     1/1 mismatches
     x[1]: "extractLeaf -0.3831 0.6508 -0.589 0.556"
     y[1]: "extractLeaf -0.3831 0.6509 -0.589 0.556"
    
     [ FAIL 1 | WARN 0 | SKIP 0 | PASS 102 ]
     Error: Test failures
     Execution halted
Flavor: r-devel-linux-x86_64-fedora-gcc

Version: 0.3.6
Check: tests
Result: ERROR
     Running 'spelling.R' [0s]
     Running 'testthat.R' [82s]
    Running the tests in 'tests/testthat.R' failed.
    Complete output:
     > library(testthat)
     > library(mpcmp)
     >
     > test_check("mpcmp")
     [ FAIL 1 | WARN 0 | SKIP 0 | PASS 102 ]
    
     ══ Failed tests ════════════════════════════════════════════════════════════════
     ── Failure (test_summarise.R:74:13): Test sumamry ──────────────────────────────
     capture_output_lines(print(summary(M.sit)))[20] not equal to "extractLeaf -0.3831 0.6509 -0.589 0.556".
     1/1 mismatches
     x[1]: "extractLeaf -0.3831 0.6508 -0.589 0.556"
     y[1]: "extractLeaf -0.3831 0.6509 -0.589 0.556"
    
     [ FAIL 1 | WARN 0 | SKIP 0 | PASS 102 ]
     Error: Test failures
     Execution halted
Flavor: r-devel-windows-x86_64