Last updated on 2022-05-15 01:52:24 CEST.
Flavor | Version | Tinstall | Tcheck | Ttotal | Status | Flags |
---|---|---|---|---|---|---|
r-devel-linux-x86_64-debian-clang | 0.5.0 | 101.06 | 170.06 | 271.12 | OK | |
r-devel-linux-x86_64-debian-gcc | 0.5.0 | 79.38 | 121.03 | 200.41 | OK | |
r-devel-linux-x86_64-fedora-clang | 0.5.0 | 357.51 | NOTE | |||
r-devel-linux-x86_64-fedora-gcc | 0.5.0 | 329.88 | OK | |||
r-devel-windows-x86_64 | 0.5.0 | 87.00 | 211.00 | 298.00 | OK | |
r-patched-linux-x86_64 | 0.5.0 | 84.57 | 164.89 | 249.46 | OK | |
r-release-linux-x86_64 | 0.5.0 | 86.93 | 161.42 | 248.35 | OK | |
r-release-macos-arm64 | 0.5.0 | 92.00 | NOTE | |||
r-release-macos-x86_64 | 0.5.0 | 157.00 | NOTE | |||
r-release-windows-x86_64 | 0.5.0 | 91.00 | 206.00 | 297.00 | OK | |
r-oldrel-macos-arm64 | 0.5.0 | 93.00 | NOTE | |||
r-oldrel-macos-x86_64 | 0.5.0 | 122.00 | NOTE | |||
r-oldrel-windows-ix86+x86_64 | 0.5.0 | 251.00 | 308.00 | 559.00 | NOTE |
Version: 0.5.0
Check: installed package size
Result: NOTE
installed size is 5.6Mb
sub-directories of 1Mb or more:
libs 2.3Mb
raster 2.2Mb
Flavors: r-devel-linux-x86_64-fedora-clang, r-release-macos-arm64, r-release-macos-x86_64, r-oldrel-macos-arm64, r-oldrel-macos-x86_64, r-oldrel-windows-ix86+x86_64