Last updated on 2022-05-15 01:52:24 CEST.
Flavor | Version | Tinstall | Tcheck | Ttotal | Status | Flags |
---|---|---|---|---|---|---|
r-devel-linux-x86_64-debian-clang | 3.3.1 | 15.03 | 435.02 | 450.05 | OK | |
r-devel-linux-x86_64-debian-gcc | 3.3.1 | 12.37 | 302.32 | 314.69 | OK | |
r-devel-linux-x86_64-fedora-clang | 3.3.1 | 377.54 | NOTE | --no-vignettes | ||
r-devel-linux-x86_64-fedora-gcc | 3.3.1 | 348.02 | NOTE | --no-vignettes | ||
r-devel-windows-x86_64 | 3.3.1 | 53.00 | 346.00 | 399.00 | OK | --no-vignettes |
r-patched-linux-x86_64 | 3.3.1 | 14.81 | 435.32 | 450.13 | OK | |
r-release-linux-x86_64 | 3.3.1 | 15.87 | 415.17 | 431.04 | OK | |
r-release-macos-arm64 | 3.3.1 | 197.00 | OK | |||
r-release-macos-x86_64 | 3.3.1 | 195.00 | OK | |||
r-release-windows-x86_64 | 3.3.1 | 56.00 | 266.00 | 322.00 | OK | --no-vignettes |
r-oldrel-macos-arm64 | 3.3.1 | 135.00 | OK | |||
r-oldrel-macos-x86_64 | 3.3.1 | 237.00 | OK | |||
r-oldrel-windows-ix86+x86_64 | 3.3.1 | 33.00 | 554.00 | 587.00 | OK | --no-vignettes |
Version: 3.3.1
Flags: --no-vignettes
Check: compiled code
Result: NOTE
File ‘morse/libs/morse.so’:
Found no calls to: ‘R_registerRoutines’, ‘R_useDynamicSymbols’
It is good practice to register native routines and to disable symbol
search.
See ‘Writing portable packages’ in the ‘Writing R Extensions’ manual.
Flavors: r-devel-linux-x86_64-fedora-clang, r-devel-linux-x86_64-fedora-gcc