CRAN Package Check Results for Package molaR

Last updated on 2022-05-15 01:52:24 CEST.

Flavor Version Tinstall Tcheck Ttotal Status Flags
r-devel-linux-x86_64-debian-clang 4.5 17.77 257.11 274.88 OK
r-devel-linux-x86_64-debian-gcc 5.0 13.60 196.53 210.13 OK
r-devel-linux-x86_64-fedora-clang 5.0 304.36 OK
r-devel-linux-x86_64-fedora-gcc 5.0 233.41 OK
r-devel-windows-x86_64 5.0 33.00 220.00 253.00 OK
r-patched-linux-x86_64 5.0 18.59 256.22 274.81 OK
r-release-linux-x86_64 4.5 20.40 242.74 263.14 OK
r-release-macos-arm64 5.0 95.00 OK
r-release-macos-x86_64 5.0 124.00 OK
r-release-windows-x86_64 4.5 40.00 258.00 298.00 NOTE
r-oldrel-macos-arm64 5.0 91.00 OK
r-oldrel-macos-x86_64 5.0 123.00 OK
r-oldrel-windows-ix86+x86_64 5.0 41.00 228.00 269.00 WARN

Check Details

Version: 4.5
Check: installed package size
Result: NOTE
     installed size is 24.0Mb
     sub-directories of 1Mb or more:
     doc 23.1Mb
Flavor: r-release-windows-x86_64

Version: 5.0
Check: re-building of vignette outputs
Result: WARN
    Error(s) in re-building vignettes:
    --- re-building 'molaR_vignette.Rmd' using rmarkdown
    Loading required package: alphahull
    Loading required package: rgl
    Loading required package: Rvcg
    Loading required package: pracma
    Quitting from lines 93-95 (molaR_vignette.Rmd)
    Error: processing vignette 'molaR_vignette.Rmd' failed with diagnostics:
    The 'mime' package is required by the function 'xfun::base64_uri' but not available. If you are developing an R package, you need to declare the dependency on 'mime' in the DESCRIPTION file (e.g., in 'Imports').
    --- failed re-building 'molaR_vignette.Rmd'
    
    SUMMARY: processing the following file failed:
     'molaR_vignette.Rmd'
    
    Error: Vignette re-building failed.
    Execution halted
Flavor: r-oldrel-windows-ix86+x86_64