Last updated on 2022-05-15 01:52:24 CEST.
Flavor | Version | Tinstall | Tcheck | Ttotal | Status | Flags |
---|---|---|---|---|---|---|
r-devel-linux-x86_64-debian-clang | 0.1.8 | 6.59 | 80.45 | 87.04 | OK | |
r-devel-linux-x86_64-debian-gcc | 0.1.8 | 5.17 | 59.81 | 64.98 | OK | |
r-devel-linux-x86_64-fedora-clang | 0.1.8 | 102.46 | NOTE | |||
r-devel-linux-x86_64-fedora-gcc | 0.1.8 | 97.99 | OK | |||
r-devel-windows-x86_64 | 0.1.8 | 25.00 | 98.00 | 123.00 | OK | |
r-patched-linux-x86_64 | 0.1.8 | 5.30 | 74.27 | 79.57 | OK | |
r-release-linux-x86_64 | 0.1.8 | 6.08 | 74.60 | 80.68 | OK | |
r-release-macos-arm64 | 0.1.8 | 28.00 | OK | |||
r-release-macos-x86_64 | 0.1.8 | 55.00 | OK | |||
r-release-windows-x86_64 | 0.1.8 | 38.00 | 96.00 | 134.00 | OK | |
r-oldrel-macos-arm64 | 0.1.8 | 34.00 | OK | |||
r-oldrel-macos-x86_64 | 0.1.8 | 50.00 | OK | |||
r-oldrel-windows-ix86+x86_64 | 0.1.8 | 15.00 | 97.00 | 112.00 | OK |
Version: 0.1.8
Check: Rd cross-references
Result: NOTE
Undeclared packages ‘lme4’, ‘rstanarm’, ‘dplyr’ in Rd xrefs
Flavor: r-devel-linux-x86_64-fedora-clang