CRAN Package Check Results for Package mixtur

Last updated on 2022-05-15 01:52:24 CEST.

Flavor Version Tinstall Tcheck Ttotal Status Flags
r-devel-linux-x86_64-debian-clang 1.2.0 9.57 81.69 91.26 OK
r-devel-linux-x86_64-debian-gcc 1.2.0 8.02 61.25 69.27 OK
r-devel-linux-x86_64-fedora-clang 1.2.0 112.78 NOTE
r-devel-linux-x86_64-fedora-gcc 1.2.0 103.50 NOTE
r-devel-windows-x86_64 1.2.0 22.00 91.00 113.00 OK
r-patched-linux-x86_64 1.2.0 11.54 76.25 87.79 OK
r-release-linux-x86_64 1.2.0 7.55 77.88 85.43 OK
r-release-macos-arm64 1.2.0 30.00 NOTE
r-release-macos-x86_64 1.2.0 50.00 NOTE
r-release-windows-x86_64 1.2.0 21.00 90.00 111.00 OK
r-oldrel-macos-arm64 1.2.0 39.00 NOTE
r-oldrel-macos-x86_64 1.2.0 42.00 NOTE
r-oldrel-windows-ix86+x86_64 1.2.0 22.00 87.00 109.00 OK

Check Details

Version: 1.2.0
Check: dependencies in R code
Result: NOTE
    Namespace in Imports field not imported from: ‘RColorBrewer’
     All declared Imports should be used.
Flavors: r-devel-linux-x86_64-fedora-clang, r-devel-linux-x86_64-fedora-gcc, r-release-macos-arm64, r-release-macos-x86_64, r-oldrel-macos-arm64, r-oldrel-macos-x86_64