CRAN Package Check Results for Package mixedMem

Last updated on 2022-05-15 01:52:24 CEST.

Flavor Version Tinstall Tcheck Ttotal Status Flags
r-devel-linux-x86_64-debian-clang 1.1.2 171.91 91.00 262.91 OK
r-devel-linux-x86_64-debian-gcc 1.1.2 137.45 67.71 205.16 OK
r-devel-linux-x86_64-fedora-clang 1.1.2 395.99 OK
r-devel-linux-x86_64-fedora-gcc 1.1.2 339.70 OK
r-devel-windows-x86_64 1.1.2 143.00 140.00 283.00 OK
r-patched-linux-x86_64 1.1.2 137.03 84.95 221.98 OK
r-release-linux-x86_64 1.1.2 142.08 83.43 225.51 OK
r-release-macos-arm64 1.1.2 82.00 NOTE
r-release-macos-x86_64 1.1.2 109.00 OK
r-release-windows-x86_64 1.1.2 144.00 147.00 291.00 OK
r-oldrel-macos-arm64 1.1.2 99.00 NOTE
r-oldrel-macos-x86_64 1.1.2 152.00 OK
r-oldrel-windows-ix86+x86_64 1.1.2 440.00 149.00 589.00 OK

Check Details

Version: 1.1.2
Check: installed package size
Result: NOTE
     installed size is 5.9Mb
     sub-directories of 1Mb or more:
     libs 5.4Mb
Flavors: r-release-macos-arm64, r-oldrel-macos-arm64