Last updated on 2022-05-15 01:52:24 CEST.
Flavor | Version | Tinstall | Tcheck | Ttotal | Status | Flags |
---|---|---|---|---|---|---|
r-devel-linux-x86_64-debian-clang | 5.4 | 80.27 | 201.56 | 281.83 | OK | |
r-devel-linux-x86_64-debian-gcc | 5.4 | 61.75 | 146.40 | 208.15 | OK | |
r-devel-linux-x86_64-fedora-clang | 5.4 | 353.95 | NOTE | |||
r-devel-linux-x86_64-fedora-gcc | 5.4 | 323.43 | OK | |||
r-devel-windows-x86_64 | 5.4 | 167.00 | 211.00 | 378.00 | OK | |
r-patched-linux-x86_64 | 5.4 | 70.43 | 187.34 | 257.77 | OK | |
r-release-linux-x86_64 | 5.4 | 54.01 | 189.00 | 243.01 | OK | |
r-release-windows-x86_64 | 5.4 | 168.00 | 202.00 | 370.00 | OK | |
r-oldrel-windows-ix86+x86_64 | 5.4 | 202.00 | 249.00 | 451.00 | OK |
Version: 5.4
Check: Rd cross-references
Result: NOTE
Undeclared package ‘mvtnorm’ in Rd xrefs
Flavor: r-devel-linux-x86_64-fedora-clang