Last updated on 2022-05-15 01:52:24 CEST.
Flavor | Version | Tinstall | Tcheck | Ttotal | Status | Flags |
---|---|---|---|---|---|---|
r-devel-linux-x86_64-debian-clang | 0.1-5 | 12.67 | 96.79 | 109.46 | OK | |
r-devel-linux-x86_64-debian-gcc | 0.1-5 | 10.64 | 72.99 | 83.63 | OK | |
r-devel-linux-x86_64-fedora-clang | 0.1-5 | 129.96 | NOTE | |||
r-devel-linux-x86_64-fedora-gcc | 0.1-5 | 128.70 | OK | |||
r-devel-windows-x86_64 | 0.1-5 | 25.00 | 108.00 | 133.00 | NOTE | |
r-patched-linux-x86_64 | 0.1-5 | 14.12 | 92.95 | 107.07 | OK | |
r-release-linux-x86_64 | 0.1-5 | 12.74 | 91.43 | 104.17 | OK | |
r-release-macos-arm64 | 0.1-5 | 52.00 | NOTE | |||
r-release-macos-x86_64 | 0.1-5 | 61.00 | NOTE | |||
r-release-windows-x86_64 | 0.1-5 | 28.00 | 116.00 | 144.00 | NOTE | |
r-oldrel-macos-arm64 | 0.1-5 | 42.00 | NOTE | |||
r-oldrel-macos-x86_64 | 0.1-5 | 71.00 | NOTE | |||
r-oldrel-windows-ix86+x86_64 | 0.1-5 | 37.00 | 138.00 | 175.00 | OK |
Version: 0.1-5
Check: Rd cross-references
Result: NOTE
Undeclared packages ‘pspline’, ‘lme4’ in Rd xrefs
Flavor: r-devel-linux-x86_64-fedora-clang
Version: 0.1-5
Check: package dependencies
Result: NOTE
Package suggested but not available for checking: 'BRugs'
Flavors: r-devel-windows-x86_64, r-release-windows-x86_64
Version: 0.1-5
Check: package dependencies
Result: NOTE
Packages suggested but not available for checking: 'mixAK', 'BRugs'
Flavors: r-release-macos-arm64, r-release-macos-x86_64, r-oldrel-macos-arm64, r-oldrel-macos-x86_64
Version: 0.1-5
Check: Rd cross-references
Result: NOTE
Package unavailable to check Rd xrefs: ‘mixAK’
Flavors: r-release-macos-arm64, r-release-macos-x86_64, r-oldrel-macos-arm64, r-oldrel-macos-x86_64