CRAN Package Check Results for Package minimalRSD

Last updated on 2022-05-15 01:52:24 CEST.

Flavor Version Tinstall Tcheck Ttotal Status Flags
r-devel-linux-x86_64-debian-clang 1.0.0 1.99 30.47 32.46 NOTE
r-devel-linux-x86_64-debian-gcc 1.0.0 1.71 23.85 25.56 NOTE
r-devel-linux-x86_64-fedora-clang 1.0.0 40.49 NOTE
r-devel-linux-x86_64-fedora-gcc 1.0.0 38.78 NOTE
r-devel-windows-x86_64 1.0.0 18.00 50.00 68.00 NOTE
r-patched-linux-x86_64 1.0.0 1.63 30.24 31.87 NOTE
r-release-linux-x86_64 1.0.0 1.88 30.37 32.25 NOTE
r-release-macos-arm64 1.0.0 14.00 NOTE
r-release-macos-x86_64 1.0.0 20.00 NOTE
r-release-windows-x86_64 1.0.0 5.00 47.00 52.00 NOTE
r-oldrel-macos-arm64 1.0.0 17.00 NOTE
r-oldrel-macos-x86_64 1.0.0 23.00 NOTE
r-oldrel-windows-ix86+x86_64 1.0.0 5.00 29.00 34.00 NOTE

Check Details

Version: 1.0.0
Check: LazyData
Result: NOTE
     'LazyData' is specified without a 'data' directory
Flavors: r-devel-linux-x86_64-debian-clang, r-devel-linux-x86_64-debian-gcc, r-devel-linux-x86_64-fedora-clang, r-devel-linux-x86_64-fedora-gcc, r-devel-windows-x86_64, r-patched-linux-x86_64, r-release-linux-x86_64, r-release-macos-arm64, r-release-macos-x86_64, r-release-windows-x86_64, r-oldrel-macos-arm64, r-oldrel-macos-x86_64, r-oldrel-windows-ix86+x86_64

Version: 1.0.0
Check: dependencies in R code
Result: NOTE
    Namespace in Imports field not imported from: ‘stats’
     All declared Imports should be used.
Flavors: r-devel-linux-x86_64-fedora-clang, r-devel-linux-x86_64-fedora-gcc, r-release-macos-arm64, r-release-macos-x86_64, r-oldrel-macos-arm64, r-oldrel-macos-x86_64