CRAN Package Check Results for Package micompr

Last updated on 2022-05-15 01:52:24 CEST.

Flavor Version Tinstall Tcheck Ttotal Status Flags
r-devel-linux-x86_64-debian-clang 1.1.1 3.77 93.44 97.21 ERROR
r-devel-linux-x86_64-debian-gcc 1.1.1 3.47 69.56 73.03 ERROR
r-devel-linux-x86_64-fedora-clang 1.1.1 119.37 ERROR
r-devel-linux-x86_64-fedora-gcc 1.1.1 67.28 ERROR
r-devel-windows-x86_64 1.1.1 76.00 170.00 246.00 OK
r-patched-linux-x86_64 1.1.1 4.41 89.18 93.59 ERROR
r-release-linux-x86_64 1.1.1 3.74 88.60 92.34 ERROR
r-release-macos-arm64 1.1.1 42.00 OK
r-release-macos-x86_64 1.1.1 58.00 OK
r-release-windows-x86_64 1.1.1 93.00 163.00 256.00 OK
r-oldrel-macos-arm64 1.1.1 63.00 OK
r-oldrel-macos-x86_64 1.1.1 66.00 OK
r-oldrel-windows-ix86+x86_64 1.1.1 9.00 136.00 145.00 OK

Check Details

Version: 1.1.1
Check: package dependencies
Result: NOTE
    Package suggested but not available for checking: 'deseasonalize'
Flavors: r-devel-linux-x86_64-debian-clang, r-devel-linux-x86_64-debian-gcc, r-devel-linux-x86_64-fedora-clang, r-devel-linux-x86_64-fedora-gcc, r-patched-linux-x86_64, r-release-linux-x86_64

Version: 1.1.1
Check: re-building of vignette outputs
Result: ERROR
    Error(s) in re-building vignettes:
     ...
    --- re-building 'paper.Rnw' using knitr
    Warning in wilcox.test.default(x = DATA[[1L]], y = DATA[[2L]], ...) :
     cannot compute exact p-value with ties
    Quitting from lines 357-389 (paper.Rnw)
    Error: processing vignette 'paper.Rnw' failed with diagnostics:
    there is no package called 'deseasonalize'
    --- failed re-building 'paper.Rnw'
    
    --- re-building 'tolatex-examples.Rnw' using knitr
    Warning in wilcox.test.default(x = DATA[[1L]], y = DATA[[2L]], ...) :
     cannot compute exact p-value with ties
    Warning in wilcox.test.default(x = DATA[[1L]], y = DATA[[2L]], ...) :
     cannot compute exact p-value with ties
    Warning in wilcox.test.default(x = DATA[[1L]], y = DATA[[2L]], ...) :
     cannot compute exact p-value with ties
    Warning in wilcox.test.default(x = DATA[[1L]], y = DATA[[2L]], ...) :
     cannot compute exact p-value with ties
    Warning in wilcox.test.default(x = DATA[[1L]], y = DATA[[2L]], ...) :
     cannot compute exact p-value with ties
    Warning in wilcox.test.default(x = DATA[[1L]], y = DATA[[2L]], ...) :
     cannot compute exact p-value with ties
    Warning in wilcox.test.default(x = DATA[[1L]], y = DATA[[2L]], ...) :
     cannot compute exact p-value with ties
    Warning in wilcox.test.default(x = DATA[[1L]], y = DATA[[2L]], ...) :
     cannot compute exact p-value with ties
    --- finished re-building 'tolatex-examples.Rnw'
    
    SUMMARY: processing the following file failed:
     'paper.Rnw'
    
    Error: Vignette re-building failed.
    Execution halted
Flavors: r-devel-linux-x86_64-debian-clang, r-devel-linux-x86_64-debian-gcc

Version: 1.1.1
Check: re-building of vignette outputs
Result: ERROR
    Error(s) in re-building vignettes:
    --- re-building ‘paper.Rnw’ using knitr
    Warning in wilcox.test.default(x = DATA[[1L]], y = DATA[[2L]], ...) :
     cannot compute exact p-value with ties
    Quitting from lines 357-389 (paper.Rnw)
    Error: processing vignette 'paper.Rnw' failed with diagnostics:
    there is no package called 'deseasonalize'
    --- failed re-building ‘paper.Rnw’
    
    --- re-building ‘tolatex-examples.Rnw’ using knitr
    Warning in wilcox.test.default(x = DATA[[1L]], y = DATA[[2L]], ...) :
     cannot compute exact p-value with ties
    Warning in wilcox.test.default(x = DATA[[1L]], y = DATA[[2L]], ...) :
     cannot compute exact p-value with ties
    Warning in wilcox.test.default(x = DATA[[1L]], y = DATA[[2L]], ...) :
     cannot compute exact p-value with ties
    Warning in wilcox.test.default(x = DATA[[1L]], y = DATA[[2L]], ...) :
     cannot compute exact p-value with ties
    Warning in wilcox.test.default(x = DATA[[1L]], y = DATA[[2L]], ...) :
     cannot compute exact p-value with ties
    Warning in wilcox.test.default(x = DATA[[1L]], y = DATA[[2L]], ...) :
     cannot compute exact p-value with ties
    Warning in wilcox.test.default(x = DATA[[1L]], y = DATA[[2L]], ...) :
     cannot compute exact p-value with ties
    Warning in wilcox.test.default(x = DATA[[1L]], y = DATA[[2L]], ...) :
     cannot compute exact p-value with ties
    --- finished re-building ‘tolatex-examples.Rnw’
    
    SUMMARY: processing the following file failed:
     ‘paper.Rnw’
    
    Error: Vignette re-building failed.
    Execution halted
Flavors: r-devel-linux-x86_64-fedora-clang, r-devel-linux-x86_64-fedora-gcc

Version: 1.1.1
Check: re-building of vignette outputs
Result: ERROR
    Error(s) in re-building vignettes:
     ...
    --- re-building ‘paper.Rnw’ using knitr
    Quitting from lines 357-389 (paper.Rnw)
    Error: processing vignette ‘paper.Rnw’ failed with diagnostics:
    there is no package called 'deseasonalize'
    --- failed re-building ‘paper.Rnw’
    
    --- re-building ‘tolatex-examples.Rnw’ using knitr
    Warning in wilcox.test.default(x = DATA[[1L]], y = DATA[[2L]], ...) :
     cannot compute exact p-value with ties
    Warning in wilcox.test.default(x = DATA[[1L]], y = DATA[[2L]], ...) :
     cannot compute exact p-value with ties
    Warning in wilcox.test.default(x = DATA[[1L]], y = DATA[[2L]], ...) :
     cannot compute exact p-value with ties
    Warning in wilcox.test.default(x = DATA[[1L]], y = DATA[[2L]], ...) :
     cannot compute exact p-value with ties
    Warning in wilcox.test.default(x = DATA[[1L]], y = DATA[[2L]], ...) :
     cannot compute exact p-value with ties
    Warning in wilcox.test.default(x = DATA[[1L]], y = DATA[[2L]], ...) :
     cannot compute exact p-value with ties
    Warning in wilcox.test.default(x = DATA[[1L]], y = DATA[[2L]], ...) :
     cannot compute exact p-value with ties
    Warning in wilcox.test.default(x = DATA[[1L]], y = DATA[[2L]], ...) :
     cannot compute exact p-value with ties
    --- finished re-building ‘tolatex-examples.Rnw’
    
    SUMMARY: processing the following file failed:
     ‘paper.Rnw’
    
    Error: Vignette re-building failed.
    Execution halted
Flavors: r-patched-linux-x86_64, r-release-linux-x86_64