Last updated on 2022-05-15 01:52:24 CEST.
Flavor | Version | Tinstall | Tcheck | Ttotal | Status | Flags |
---|---|---|---|---|---|---|
r-devel-linux-x86_64-debian-clang | 0.6-16 | 7.42 | 91.55 | 98.97 | OK | |
r-devel-linux-x86_64-debian-gcc | 0.6-16 | 5.96 | 67.33 | 73.29 | OK | |
r-devel-linux-x86_64-fedora-clang | 0.6-16 | 116.55 | NOTE | |||
r-devel-linux-x86_64-fedora-gcc | 0.6-16 | 115.90 | OK | |||
r-devel-windows-x86_64 | 0.6-16 | 34.00 | 107.00 | 141.00 | OK | |
r-patched-linux-x86_64 | 0.6-16 | 8.94 | 85.24 | 94.18 | OK | |
r-release-linux-x86_64 | 0.6-16 | 6.69 | 84.66 | 91.35 | OK | |
r-release-macos-arm64 | 0.6-16 | 35.00 | OK | |||
r-release-macos-x86_64 | 0.6-16 | 50.00 | OK | |||
r-release-windows-x86_64 | 0.6-16 | 35.00 | 112.00 | 147.00 | OK | |
r-oldrel-macos-arm64 | 0.6-16 | 37.00 | OK | |||
r-oldrel-macos-x86_64 | 0.6-16 | 61.00 | OK | |||
r-oldrel-windows-ix86+x86_64 | 0.6-16 | 15.00 | 104.00 | 119.00 | OK |
Version: 0.6-16
Check: Rd cross-references
Result: NOTE
Undeclared packages ‘micEconAids’, ‘micEconSNQP’ in Rd xrefs
Flavor: r-devel-linux-x86_64-fedora-clang