Last updated on 2022-05-15 01:52:24 CEST.
Flavor | Version | Tinstall | Tcheck | Ttotal | Status | Flags |
---|---|---|---|---|---|---|
r-devel-linux-x86_64-debian-clang | 0.2.2 | 7.90 | 92.53 | 100.43 | NOTE | |
r-devel-linux-x86_64-debian-gcc | 0.2.2 | 6.37 | 68.44 | 74.81 | NOTE | |
r-devel-linux-x86_64-fedora-clang | 0.2.2 | 116.64 | NOTE | |||
r-devel-linux-x86_64-fedora-gcc | 0.2.2 | 111.90 | NOTE | |||
r-devel-windows-x86_64 | 0.2.2 | 29.00 | 116.00 | 145.00 | NOTE | |
r-patched-linux-x86_64 | 0.2.2 | 7.96 | 86.46 | 94.42 | NOTE | |
r-release-linux-x86_64 | 0.2.2 | 4.91 | 85.45 | 90.36 | NOTE | |
r-release-macos-arm64 | 0.2.2 | 36.00 | NOTE | |||
r-release-macos-x86_64 | 0.2.2 | 60.00 | NOTE | |||
r-release-windows-x86_64 | 0.2.2 | 28.00 | 106.00 | 134.00 | NOTE | |
r-oldrel-macos-arm64 | 0.2.2 | 44.00 | NOTE | |||
r-oldrel-macos-x86_64 | 0.2.2 | 61.00 | NOTE | |||
r-oldrel-windows-ix86+x86_64 | 0.2.2 | 19.00 | 97.00 | 116.00 | NOTE |
Version: 0.2.2
Check: LazyData
Result: NOTE
'LazyData' is specified without a 'data' directory
Flavors: r-devel-linux-x86_64-debian-clang, r-devel-linux-x86_64-debian-gcc, r-devel-linux-x86_64-fedora-clang, r-devel-linux-x86_64-fedora-gcc, r-devel-windows-x86_64, r-patched-linux-x86_64, r-release-linux-x86_64, r-release-macos-arm64, r-release-macos-x86_64, r-release-windows-x86_64, r-oldrel-macos-arm64, r-oldrel-macos-x86_64, r-oldrel-windows-ix86+x86_64