CRAN Package Check Results for Package metaSurvival

Last updated on 2022-05-15 01:52:24 CEST.

Flavor Version Tinstall Tcheck Ttotal Status Flags
r-devel-linux-x86_64-debian-clang 0.1.0 1.93 33.00 34.93 OK
r-devel-linux-x86_64-debian-gcc 0.1.0 1.87 25.04 26.91 OK
r-devel-linux-x86_64-fedora-clang 0.1.0 44.20 NOTE
r-devel-linux-x86_64-fedora-gcc 0.1.0 41.94 NOTE
r-devel-windows-x86_64 0.1.0 25.00 50.00 75.00 OK
r-patched-linux-x86_64 0.1.0 2.64 31.12 33.76 OK
r-release-linux-x86_64 0.1.0 1.83 31.50 33.33 OK
r-release-macos-arm64 0.1.0 16.00 NOTE
r-release-macos-x86_64 0.1.0 22.00 NOTE
r-release-windows-x86_64 0.1.0 22.00 48.00 70.00 OK
r-oldrel-macos-arm64 0.1.0 19.00 NOTE
r-oldrel-macos-x86_64 0.1.0 25.00 NOTE
r-oldrel-windows-ix86+x86_64 0.1.0 7.00 42.00 49.00 OK

Check Details

Version: 0.1.0
Check: dependencies in R code
Result: NOTE
    Namespace in Imports field not imported from: ‘survival’
     All declared Imports should be used.
Flavors: r-devel-linux-x86_64-fedora-clang, r-devel-linux-x86_64-fedora-gcc, r-release-macos-arm64, r-release-macos-x86_64, r-oldrel-macos-arm64, r-oldrel-macos-x86_64