Last updated on 2022-05-15 01:52:24 CEST.
Flavor | Version | Tinstall | Tcheck | Ttotal | Status | Flags |
---|---|---|---|---|---|---|
r-devel-linux-x86_64-debian-clang | 0.6.7 | 863.14 | 282.18 | 1145.32 | NOTE | |
r-devel-linux-x86_64-debian-gcc | 0.6.7 | 839.35 | 236.59 | 1075.94 | NOTE | |
r-devel-linux-x86_64-fedora-clang | 0.6.7 | 1665.97 | NOTE | |||
r-devel-linux-x86_64-fedora-gcc | 0.6.7 | 1762.10 | NOTE | |||
r-devel-windows-x86_64 | 0.6.7 | 573.00 | 387.00 | 960.00 | NOTE | |
r-patched-linux-x86_64 | 0.6.7 | 748.77 | 310.95 | 1059.72 | NOTE | |
r-release-linux-x86_64 | 0.6.7 | 680.24 | 319.79 | 1000.03 | NOTE | |
r-release-macos-arm64 | 0.6.7 | 402.00 | NOTE | |||
r-release-macos-x86_64 | 0.6.7 | 661.00 | NOTE | |||
r-release-windows-x86_64 | 0.6.7 | 582.00 | 365.00 | 947.00 | NOTE | |
r-oldrel-macos-arm64 | 0.6.7 | 422.00 | NOTE | |||
r-oldrel-macos-x86_64 | 0.6.7 | 566.00 | NOTE | |||
r-oldrel-windows-ix86+x86_64 | 0.6.7 | 678.00 | 11.00 | 689.00 | ERROR |
Version: 0.6.7
Check: for GNU extensions in Makefiles
Result: NOTE
GNU make is a SystemRequirements.
Flavors: r-devel-linux-x86_64-debian-clang, r-devel-linux-x86_64-debian-gcc, r-devel-linux-x86_64-fedora-clang, r-devel-linux-x86_64-fedora-gcc, r-devel-windows-x86_64, r-patched-linux-x86_64, r-release-linux-x86_64, r-release-macos-arm64, r-release-macos-x86_64, r-release-windows-x86_64, r-oldrel-macos-arm64, r-oldrel-macos-x86_64
Version: 0.6.7
Check: installed package size
Result: NOTE
installed size is 83.1Mb
sub-directories of 1Mb or more:
libs 82.4Mb
Flavors: r-devel-linux-x86_64-fedora-clang, r-devel-windows-x86_64, r-release-macos-arm64, r-release-macos-x86_64, r-release-windows-x86_64, r-oldrel-macos-arm64, r-oldrel-macos-x86_64
Version: 0.6.7
Check: whether package can be installed
Result: ERROR
Installation failed.
Flavor: r-oldrel-windows-ix86+x86_64