Last updated on 2022-05-15 01:52:24 CEST.
Flavor | Version | Tinstall | Tcheck | Ttotal | Status | Flags |
---|---|---|---|---|---|---|
r-devel-linux-x86_64-debian-clang | 0.12.0 | 22.44 | 417.41 | 439.85 | NOTE | |
r-devel-linux-x86_64-debian-gcc | 0.12.0 | 15.71 | 292.25 | 307.96 | NOTE | |
r-devel-linux-x86_64-fedora-clang | 0.12.0 | 449.51 | NOTE | |||
r-devel-linux-x86_64-fedora-gcc | 0.12.0 | 423.08 | NOTE | |||
r-devel-windows-x86_64 | 0.12.0 | 87.00 | 392.00 | 479.00 | OK | |
r-patched-linux-x86_64 | 0.12.0 | 25.56 | 349.54 | 375.10 | NOTE | |
r-release-linux-x86_64 | 0.12.0 | 19.38 | 350.68 | 370.06 | NOTE | |
r-release-macos-arm64 | 0.12.0 | 108.00 | NOTE | |||
r-release-macos-x86_64 | 0.12.0 | 199.00 | NOTE | |||
r-release-windows-x86_64 | 0.12.0 | 130.00 | 381.00 | 511.00 | OK | |
r-oldrel-macos-arm64 | 0.12.0 | 94.00 | NOTE | |||
r-oldrel-macos-x86_64 | 0.12.0 | 147.00 | NOTE | |||
r-oldrel-windows-ix86+x86_64 | 0.12.0 | 40.00 | 444.00 | 484.00 | OK |
Version: 0.12.0
Check: package dependencies
Result: NOTE
Suggests orphaned package: 'udunits2'
Flavors: r-devel-linux-x86_64-debian-clang, r-devel-linux-x86_64-debian-gcc, r-devel-linux-x86_64-fedora-clang, r-devel-linux-x86_64-fedora-gcc, r-patched-linux-x86_64, r-release-linux-x86_64
Version: 0.12.0
Check: dependencies in R code
Result: NOTE
Namespace in Imports field not imported from: ‘memoise’
All declared Imports should be used.
Flavors: r-devel-linux-x86_64-fedora-clang, r-devel-linux-x86_64-fedora-gcc, r-release-macos-arm64, r-release-macos-x86_64, r-oldrel-macos-arm64, r-oldrel-macos-x86_64
Version: 0.12.0
Check: Rd cross-references
Result: NOTE
Undeclared package ‘rlang’ in Rd xrefs
Flavor: r-devel-linux-x86_64-fedora-clang