Last updated on 2022-05-15 01:52:23 CEST.
Flavor | Version | Tinstall | Tcheck | Ttotal | Status | Flags |
---|---|---|---|---|---|---|
r-devel-linux-x86_64-debian-clang | 1.0.1 | 62.41 | 136.47 | 198.88 | NOTE | |
r-devel-linux-x86_64-debian-gcc | 1.0.1 | 47.32 | 98.47 | 145.79 | NOTE | |
r-devel-linux-x86_64-fedora-clang | 1.0.1 | 251.08 | NOTE | |||
r-devel-linux-x86_64-fedora-gcc | 1.0.1 | 237.69 | NOTE | |||
r-devel-windows-x86_64 | 1.0.1 | 63.00 | 157.00 | 220.00 | NOTE | |
r-patched-linux-x86_64 | 1.0.1 | 55.97 | 130.41 | 186.38 | NOTE | |
r-release-linux-x86_64 | 1.0.1 | 53.82 | 127.89 | 181.71 | NOTE | |
r-release-macos-arm64 | 1.0.1 | 56.00 | NOTE | |||
r-release-macos-x86_64 | 1.0.1 | 74.00 | NOTE | |||
r-release-windows-x86_64 | 1.0.1 | 60.00 | 158.00 | 218.00 | NOTE | |
r-oldrel-macos-arm64 | 1.0.1 | 67.00 | NOTE | |||
r-oldrel-macos-x86_64 | 1.0.1 | 83.00 | NOTE | |||
r-oldrel-windows-ix86+x86_64 | 1.0.1 | 131.00 | 166.00 | 297.00 | NOTE |
Version: 1.0.1
Check: LazyData
Result: NOTE
'LazyData' is specified without a 'data' directory
Flavors: r-devel-linux-x86_64-debian-clang, r-devel-linux-x86_64-debian-gcc, r-devel-linux-x86_64-fedora-clang, r-devel-linux-x86_64-fedora-gcc, r-devel-windows-x86_64, r-patched-linux-x86_64, r-release-linux-x86_64, r-release-macos-arm64, r-release-macos-x86_64, r-release-windows-x86_64, r-oldrel-macos-arm64, r-oldrel-macos-x86_64, r-oldrel-windows-ix86+x86_64