CRAN Package Check Results for Package markovchain

Last updated on 2022-05-15 01:52:23 CEST.

Flavor Version Tinstall Tcheck Ttotal Status Flags
r-devel-linux-x86_64-debian-clang 0.8.6 164.38 347.65 512.03 OK
r-devel-linux-x86_64-debian-gcc 0.8.6 142.64 249.63 392.27 OK
r-devel-linux-x86_64-fedora-clang 0.8.6 672.70 NOTE
r-devel-linux-x86_64-fedora-gcc 0.8.6 631.20 OK
r-devel-windows-x86_64 0.8.6 274.00 427.00 701.00 OK
r-patched-linux-x86_64 0.8.6 163.52 328.25 491.77 OK
r-release-linux-x86_64 0.8.6 152.92 326.95 479.87 OK
r-release-macos-arm64 0.8.6 194.00 WARN
r-release-macos-x86_64 0.8.6 218.00 WARN
r-release-windows-x86_64 0.8.6 376.00 415.00 791.00 OK
r-oldrel-macos-arm64 0.8.6 154.00 NOTE
r-oldrel-macos-x86_64 0.8.6 277.00 NOTE
r-oldrel-windows-ix86+x86_64 0.8.6 405.00 517.00 922.00 OK

Check Details

Version: 0.8.6
Check: installed package size
Result: NOTE
     installed size is 8.5Mb
     sub-directories of 1Mb or more:
     libs 6.7Mb
Flavors: r-devel-linux-x86_64-fedora-clang, r-release-macos-arm64, r-release-macos-x86_64, r-oldrel-macos-arm64, r-oldrel-macos-x86_64

Version: 0.8.6
Check: re-building of vignette outputs
Result: WARN
    Error(s) in re-building vignettes:
    --- re-building ‘an_introduction_to_markovchain_package.Rmd’ using rmarkdown
    Package: markovchain
    Version: 0.8.6
    Date: 2021-05-17
    BugReport: https://github.com/spedygiorgio/markovchain/issues
    
    ! LaTeX Error: File `orcidlink.sty' not found.
    
    ! Emergency stop.
    <read *>
    
    Error: processing vignette 'an_introduction_to_markovchain_package.Rmd' failed with diagnostics:
    LaTeX failed to compile /Volumes/Builds/packages/big-sur-arm64/results/4.2/markovchain.Rcheck/vign_test/markovchain/vignettes/an_introduction_to_markovchain_package.tex. See https://yihui.org/tinytex/r/#debugging for debugging tips. See an_introduction_to_markovchain_package.log for more info.
    --- failed re-building ‘an_introduction_to_markovchain_package.Rmd’
    
    --- re-building ‘gsoc_2017_additions.Rmd’ using rmarkdown
    --- finished re-building ‘gsoc_2017_additions.Rmd’
    
    --- re-building ‘higher_order_markov_chains.Rmd’ using rmarkdown
    This function is experimental
    ! LaTeX Error: File `orcidlink.sty' not found.
    
    ! Emergency stop.
    <read *>
    
    Error: processing vignette 'higher_order_markov_chains.Rmd' failed with diagnostics:
    LaTeX failed to compile /Volumes/Builds/packages/big-sur-arm64/results/4.2/markovchain.Rcheck/vign_test/markovchain/vignettes/higher_order_markov_chains.tex. See https://yihui.org/tinytex/r/#debugging for debugging tips. See higher_order_markov_chains.log for more info.
    --- failed re-building ‘higher_order_markov_chains.Rmd’
    
    SUMMARY: processing the following files failed:
     ‘an_introduction_to_markovchain_package.Rmd’
     ‘higher_order_markov_chains.Rmd’
    
    Error: Vignette re-building failed.
    Execution halted
Flavor: r-release-macos-arm64

Version: 0.8.6
Check: re-building of vignette outputs
Result: WARN
    Error(s) in re-building vignettes:
    --- re-building ‘an_introduction_to_markovchain_package.Rmd’ using rmarkdown
    Package: markovchain
    Version: 0.8.6
    Date: 2021-05-17
    BugReport: https://github.com/spedygiorgio/markovchain/issues
    
    ! LaTeX Error: File `orcidlink.sty' not found.
    
    ! Emergency stop.
    <read *>
    
    Error: processing vignette 'an_introduction_to_markovchain_package.Rmd' failed with diagnostics:
    LaTeX failed to compile /Volumes/Builds/packages/high-sierra-x86_64/results/4.2/markovchain.Rcheck/vign_test/markovchain/vignettes/an_introduction_to_markovchain_package.tex. See https://yihui.org/tinytex/r/#debugging for debugging tips. See an_introduction_to_markovchain_package.log for more info.
    --- failed re-building ‘an_introduction_to_markovchain_package.Rmd’
    
    --- re-building ‘gsoc_2017_additions.Rmd’ using rmarkdown
    --- finished re-building ‘gsoc_2017_additions.Rmd’
    
    --- re-building ‘higher_order_markov_chains.Rmd’ using rmarkdown
    This function is experimental
    ! LaTeX Error: File `orcidlink.sty' not found.
    
    ! Emergency stop.
    <read *>
    
    Error: processing vignette 'higher_order_markov_chains.Rmd' failed with diagnostics:
    LaTeX failed to compile /Volumes/Builds/packages/high-sierra-x86_64/results/4.2/markovchain.Rcheck/vign_test/markovchain/vignettes/higher_order_markov_chains.tex. See https://yihui.org/tinytex/r/#debugging for debugging tips. See higher_order_markov_chains.log for more info.
    --- failed re-building ‘higher_order_markov_chains.Rmd’
    
    SUMMARY: processing the following files failed:
     ‘an_introduction_to_markovchain_package.Rmd’
     ‘higher_order_markov_chains.Rmd’
    
    Error: Vignette re-building failed.
    Execution halted
Flavor: r-release-macos-x86_64