CRAN Package Check Results for Package mappp

Last updated on 2022-05-15 01:52:23 CEST.

Flavor Version Tinstall Tcheck Ttotal Status Flags
r-devel-linux-x86_64-debian-clang 1.0.0 1.44 32.20 33.64 OK
r-devel-linux-x86_64-debian-gcc 1.0.0 1.72 25.03 26.75 OK
r-devel-linux-x86_64-fedora-clang 1.0.0 44.48 NOTE
r-devel-linux-x86_64-fedora-gcc 1.0.0 40.69 NOTE
r-devel-windows-x86_64 1.0.0 11.00 54.00 65.00 OK
r-patched-linux-x86_64 1.0.0 1.76 31.41 33.17 OK
r-release-linux-x86_64 1.0.0 1.91 30.97 32.88 OK
r-release-macos-arm64 1.0.0 20.00 NOTE
r-release-macos-x86_64 1.0.0 25.00 NOTE
r-release-windows-x86_64 1.0.0 6.00 53.00 59.00 OK
r-oldrel-macos-arm64 1.0.0 19.00 NOTE
r-oldrel-macos-x86_64 1.0.0 25.00 NOTE
r-oldrel-windows-ix86+x86_64 1.0.0 6.00 45.00 51.00 OK

Check Details

Version: 1.0.0
Check: dependencies in R code
Result: NOTE
    Namespace in Imports field not imported from: ‘pbmcapply’
     All declared Imports should be used.
Flavors: r-devel-linux-x86_64-fedora-clang, r-devel-linux-x86_64-fedora-gcc, r-release-macos-arm64, r-release-macos-x86_64, r-oldrel-macos-arm64, r-oldrel-macos-x86_64