Last updated on 2022-05-15 01:52:23 CEST.
Flavor | Version | Tinstall | Tcheck | Ttotal | Status | Flags |
---|---|---|---|---|---|---|
r-devel-linux-x86_64-debian-clang | 1.3 | 47.23 | 530.31 | 577.54 | OK | |
r-devel-linux-x86_64-debian-gcc | 1.3 | 39.41 | 389.73 | 429.14 | OK | |
r-devel-linux-x86_64-fedora-clang | 1.3 | 712.26 | NOTE | |||
r-devel-linux-x86_64-fedora-gcc | 1.3 | 688.73 | NOTE | |||
r-devel-windows-x86_64 | 1.3 | 74.00 | 610.00 | 684.00 | OK | |
r-patched-linux-x86_64 | 1.3 | 46.45 | 510.45 | 556.90 | OK | |
r-release-linux-x86_64 | 1.3 | 30.85 | 511.42 | 542.27 | OK | |
r-release-macos-arm64 | 1.3 | 193.00 | NOTE | |||
r-release-macos-x86_64 | 1.3 | 309.00 | NOTE | |||
r-release-windows-x86_64 | 1.3 | 75.00 | 604.00 | 679.00 | OK | |
r-oldrel-macos-arm64 | 1.3 | 210.00 | NOTE | |||
r-oldrel-macos-x86_64 | 1.3 | 186.00 | NOTE | |||
r-oldrel-windows-ix86+x86_64 | 1.3 | 119.00 | 641.00 | 760.00 | OK |
Version: 1.3
Check: data for non-ASCII characters
Result: NOTE
Note: found 29618 marked UTF-8 strings
Flavors: r-devel-linux-x86_64-fedora-clang, r-devel-linux-x86_64-fedora-gcc, r-release-macos-arm64, r-release-macos-x86_64, r-oldrel-macos-arm64, r-oldrel-macos-x86_64