Last updated on 2022-05-15 01:52:23 CEST.
Flavor | Version | Tinstall | Tcheck | Ttotal | Status | Flags |
---|---|---|---|---|---|---|
r-devel-linux-x86_64-debian-clang | 6.0.9 | 12.12 | 151.82 | 163.94 | OK | |
r-devel-linux-x86_64-debian-gcc | 6.0.9 | 8.43 | 109.43 | 117.86 | OK | |
r-devel-linux-x86_64-fedora-clang | 6.0.9 | 187.57 | NOTE | |||
r-devel-linux-x86_64-fedora-gcc | 6.0.9 | 181.19 | NOTE | |||
r-devel-windows-x86_64 | 6.0.9 | 73.00 | 189.00 | 262.00 | OK | |
r-patched-linux-x86_64 | 6.0.9 | 10.96 | 139.15 | 150.11 | OK | |
r-release-linux-x86_64 | 6.0.9 | 9.25 | 140.54 | 149.79 | OK | |
r-release-macos-arm64 | 6.0.9 | 47.00 | NOTE | |||
r-release-macos-x86_64 | 6.0.9 | 71.00 | NOTE | |||
r-release-windows-x86_64 | 6.0.9 | 86.00 | 188.00 | 274.00 | OK | |
r-oldrel-macos-arm64 | 6.0.9 | 48.00 | NOTE | |||
r-oldrel-macos-x86_64 | 6.0.9 | 63.00 | NOTE | |||
r-oldrel-windows-ix86+x86_64 | 6.0.9 | 21.00 | 179.00 | 200.00 | OK |
Version: 6.0.9
Check: dependencies in R code
Result: NOTE
Namespaces in Imports field not imported from:
‘maptools’ ‘sp’
All declared Imports should be used.
Flavors: r-devel-linux-x86_64-fedora-clang, r-devel-linux-x86_64-fedora-gcc, r-release-macos-arm64, r-release-macos-x86_64, r-oldrel-macos-arm64, r-oldrel-macos-x86_64