Last updated on 2022-05-15 01:52:23 CEST.
Flavor | Version | Tinstall | Tcheck | Ttotal | Status | Flags |
---|---|---|---|---|---|---|
r-devel-linux-x86_64-debian-clang | 1.4.0 | 28.17 | 245.83 | 274.00 | OK | |
r-devel-linux-x86_64-debian-gcc | 1.4.0 | 19.16 | 179.75 | 198.91 | OK | |
r-devel-linux-x86_64-fedora-clang | 1.4.0 | 334.74 | NOTE | |||
r-devel-linux-x86_64-fedora-gcc | 1.4.0 | 323.49 | OK | |||
r-devel-windows-x86_64 | 1.4.0 | 226.00 | 402.00 | 628.00 | OK | |
r-patched-linux-x86_64 | 1.4.0 | 32.47 | 234.12 | 266.59 | OK | |
r-release-linux-x86_64 | 1.4.0 | 24.66 | 232.83 | 257.49 | OK | |
r-release-macos-arm64 | 1.4.0 | 176.00 | OK | |||
r-release-macos-x86_64 | 1.4.0 | 202.00 | NOTE | |||
r-release-windows-x86_64 | 1.4.0 | 247.00 | 397.00 | 644.00 | OK | |
r-oldrel-macos-arm64 | 1.4.0 | 139.00 | NOTE | |||
r-oldrel-macos-x86_64 | 1.4.0 | 193.00 | NOTE | |||
r-oldrel-windows-ix86+x86_64 | 1.4.0 | 34.00 | 305.00 | 339.00 | OK |
Version: 1.4.0
Check: installed package size
Result: NOTE
installed size is 5.0Mb
sub-directories of 1Mb or more:
doc 1.6Mb
tcl 1.3Mb
Flavor: r-devel-linux-x86_64-fedora-clang
Version: 1.4.0
Check: package dependencies
Result: NOTE
Package suggested but not available for checking: ‘RDRToolbox’
Flavors: r-release-macos-x86_64, r-oldrel-macos-arm64, r-oldrel-macos-x86_64