Last updated on 2022-05-15 01:52:23 CEST.
Flavor | Version | Tinstall | Tcheck | Ttotal | Status | Flags |
---|---|---|---|---|---|---|
r-devel-linux-x86_64-debian-clang | 0.2.2 | 3.70 | 60.39 | 64.09 | OK | |
r-devel-linux-x86_64-debian-gcc | 0.2.2 | 2.79 | 46.60 | 49.39 | OK | |
r-devel-linux-x86_64-fedora-clang | 0.2.2 | 78.56 | OK | |||
r-devel-linux-x86_64-fedora-gcc | 0.2.2 | 77.56 | OK | |||
r-devel-windows-x86_64 | 0.2.2 | 113.00 | 106.00 | 219.00 | NOTE | |
r-patched-linux-x86_64 | 0.2.2 | 5.18 | 58.18 | 63.36 | OK | |
r-release-linux-x86_64 | 0.2.2 | 3.88 | 58.47 | 62.35 | OK | |
r-release-macos-arm64 | 0.2.2 | 30.00 | OK | |||
r-release-macos-x86_64 | 0.2.2 | 43.00 | OK | |||
r-release-windows-x86_64 | 0.2.2 | 71.00 | 105.00 | 176.00 | NOTE | |
r-oldrel-macos-arm64 | 0.2.2 | 36.00 | OK | |||
r-oldrel-macos-x86_64 | 0.2.2 | 41.00 | OK | |||
r-oldrel-windows-ix86+x86_64 | 0.2.2 | 10.00 | 86.00 | 96.00 | NOTE |
Version: 0.2.2
Check: package dependencies
Result: NOTE
Package suggested but not available for checking: 'rsyslog'
Flavors: r-devel-windows-x86_64, r-release-windows-x86_64, r-oldrel-windows-ix86+x86_64
Version: 0.2.2
Check: Rd cross-references
Result: NOTE
Package unavailable to check Rd xrefs: 'rsyslog'
Flavor: r-oldrel-windows-ix86+x86_64