Last updated on 2022-05-15 01:52:23 CEST.
Flavor | Version | Tinstall | Tcheck | Ttotal | Status | Flags |
---|---|---|---|---|---|---|
r-devel-linux-x86_64-debian-clang | 0.3.15 | 7.67 | 34.38 | 42.05 | OK | |
r-devel-linux-x86_64-debian-gcc | 0.3.15 | 4.99 | 26.73 | 31.72 | OK | |
r-patched-linux-x86_64 | 0.3.15 | 5.90 | 34.62 | 40.52 | OK | |
r-release-linux-x86_64 | 0.3.15 | 4.91 | 34.03 | 38.94 | OK | |
r-release-macos-arm64 | 0.3.15 | 23.00 | OK | |||
r-release-macos-x86_64 | 0.3.15 | 31.00 | OK | |||
r-oldrel-macos-arm64 | 0.3.15 | 24.00 | OK | |||
r-oldrel-macos-x86_64 | 0.3.15 | 33.00 | NOTE |
Version: 0.3.15
Check: re-building of vignette outputs
Result: NOTE
Error(s) in re-building vignettes:
...
--- re-building ‘littler-examples.md’ using mdweave_to_html
Cannot find pandoc. Not able to weave vignette.
Error: processing vignette 'littler-examples.md' failed with diagnostics:
Failed to locate ‘weave’ output file ‘littler-examples.pdf’ or ‘littler-examples.html’ for vignette with name ‘littler-examples’ and engine ‘simplermarkdown::mdweave_to_html’. The following files exist in working directory ‘/Volumes/Builds/packages/high-sierra-x86_64/results/4.1/littler.Rcheck/vign_test/littler/vignettes’: ‘littler-examples.md’ (12640 bytes), ‘littler-faq.md’ (3680 bytes), ‘water.css’ (1193 bytes)
--- failed re-building ‘littler-examples.md’
--- re-building ‘littler-faq.md’ using mdweave_to_html
Cannot find pandoc. Not able to weave vignette.
Error: processing vignette 'littler-faq.md' failed with diagnostics:
Failed to locate ‘weave’ output file ‘littler-faq.pdf’ or ‘littler-faq.html’ for vignette with name ‘littler-faq’ and engine ‘simplermarkdown::mdweave_to_html’. The following files exist in working directory ‘/Volumes/Builds/packages/high-sierra-x86_64/results/4.1/littler.Rcheck/vign_test/littler/vignettes’: ‘littler-examples.md’ (12640 bytes), ‘littler-faq.md’ (3680 bytes), ‘water.css’ (1193 bytes)
--- failed re-building ‘littler-faq.md’
SUMMARY: processing the following files failed:
‘littler-examples.md’ ‘littler-faq.md’
Error: Vignette re-building failed.
Execution halted
Flavor: r-oldrel-macos-x86_64