Last updated on 2022-05-15 01:52:23 CEST.
Flavor | Version | Tinstall | Tcheck | Ttotal | Status | Flags |
---|---|---|---|---|---|---|
r-devel-linux-x86_64-debian-clang | 3.0.0 | 2.95 | 38.80 | 41.75 | NOTE | |
r-devel-linux-x86_64-debian-gcc | 3.0.0 | 2.19 | 29.53 | 31.72 | NOTE | |
r-devel-linux-x86_64-fedora-clang | 3.0.0 | 50.39 | NOTE | |||
r-devel-linux-x86_64-fedora-gcc | 3.0.0 | 48.12 | NOTE | |||
r-devel-windows-x86_64 | 3.0.0 | 18.00 | 58.00 | 76.00 | NOTE | |
r-patched-linux-x86_64 | 3.0.0 | 3.24 | 37.38 | 40.62 | NOTE | |
r-release-linux-x86_64 | 3.0.0 | 2.67 | 36.98 | 39.65 | NOTE | |
r-release-macos-arm64 | 3.0.0 | 14.00 | NOTE | |||
r-release-macos-x86_64 | 3.0.0 | 31.00 | NOTE | |||
r-release-windows-x86_64 | 3.0.0 | 23.00 | 63.00 | 86.00 | NOTE | |
r-oldrel-macos-arm64 | 3.0.0 | 22.00 | NOTE | |||
r-oldrel-macos-x86_64 | 3.0.0 | 28.00 | NOTE | |||
r-oldrel-windows-ix86+x86_64 | 3.0.0 | 8.00 | 48.00 | 56.00 | NOTE |
Version: 3.0.0
Check: LazyData
Result: NOTE
'LazyData' is specified without a 'data' directory
Flavors: r-devel-linux-x86_64-debian-clang, r-devel-linux-x86_64-debian-gcc, r-devel-linux-x86_64-fedora-clang, r-devel-linux-x86_64-fedora-gcc, r-devel-windows-x86_64, r-patched-linux-x86_64, r-release-linux-x86_64, r-release-macos-arm64, r-release-macos-x86_64, r-release-windows-x86_64, r-oldrel-macos-arm64, r-oldrel-macos-x86_64, r-oldrel-windows-ix86+x86_64