CRAN Package Check Results for Package listdown

Last updated on 2022-05-15 01:52:23 CEST.

Flavor Version Tinstall Tcheck Ttotal Status Flags
r-devel-linux-x86_64-debian-clang 0.4.1 2.79 43.31 46.10 NOTE
r-devel-linux-x86_64-debian-gcc 0.4.1 2.04 34.03 36.07 NOTE
r-devel-linux-x86_64-fedora-clang 0.4.1 56.46 NOTE
r-devel-linux-x86_64-fedora-gcc 0.4.1 53.90 NOTE
r-devel-windows-x86_64 0.4.1 29.00 64.00 93.00 NOTE
r-patched-linux-x86_64 0.4.1 2.04 42.44 44.48 NOTE
r-release-linux-x86_64 0.4.1 1.91 41.37 43.28 NOTE
r-release-macos-arm64 0.4.1 18.00 NOTE
r-release-macos-x86_64 0.4.1 41.00 NOTE
r-release-windows-x86_64 0.4.1 44.00 62.00 106.00 NOTE
r-oldrel-macos-arm64 0.4.1 21.00 NOTE
r-oldrel-macos-x86_64 0.4.1 34.00 NOTE
r-oldrel-windows-ix86+x86_64 0.4.1 6.00 57.00 63.00 NOTE

Check Details

Version: 0.4.1
Check: LazyData
Result: NOTE
     'LazyData' is specified without a 'data' directory
Flavors: r-devel-linux-x86_64-debian-clang, r-devel-linux-x86_64-debian-gcc, r-devel-linux-x86_64-fedora-clang, r-devel-linux-x86_64-fedora-gcc, r-devel-windows-x86_64, r-patched-linux-x86_64, r-release-linux-x86_64, r-release-macos-arm64, r-release-macos-x86_64, r-release-windows-x86_64, r-oldrel-macos-arm64, r-oldrel-macos-x86_64, r-oldrel-windows-ix86+x86_64