Last updated on 2022-05-15 01:52:23 CEST.
Flavor | Version | Tinstall | Tcheck | Ttotal | Status | Flags |
---|---|---|---|---|---|---|
r-devel-linux-x86_64-debian-clang | 9.2.1 | 42.75 | 185.40 | 228.15 | OK | |
r-devel-linux-x86_64-debian-gcc | 9.2.1 | 34.94 | 139.13 | 174.07 | WARN | |
r-devel-linux-x86_64-fedora-clang | 9.2.1 | 293.28 | OK | |||
r-devel-linux-x86_64-fedora-gcc | 9.2.1 | 295.75 | WARN | |||
r-devel-windows-x86_64 | 9.2.1 | 47.00 | 193.00 | 240.00 | WARN | |
r-patched-linux-x86_64 | 9.2.1 | 35.70 | 179.17 | 214.87 | OK | |
r-release-linux-x86_64 | 9.2.1 | 37.17 | 178.52 | 215.69 | OK | |
r-release-macos-arm64 | 9.2.1 | 63.00 | OK | |||
r-release-macos-x86_64 | 9.2.1 | 101.00 | OK | |||
r-release-windows-x86_64 | 9.2.1 | 56.00 | 200.00 | 256.00 | OK | |
r-oldrel-macos-arm64 | 9.2.1 | 72.00 | OK | |||
r-oldrel-macos-x86_64 | 9.2.1 | 98.00 | OK | |||
r-oldrel-windows-ix86+x86_64 | 9.2.1 | 78.00 | 222.00 | 300.00 | OK |
Version: 9.2.1
Check: whether package can be installed
Result: WARN
Found the following significant warnings:
combine.c:367:15: warning: ‘*’ in boolean context, suggest ‘&&’ instead [-Wint-in-bool-context]
Flavors: r-devel-linux-x86_64-debian-gcc, r-devel-linux-x86_64-fedora-gcc, r-devel-windows-x86_64