Last updated on 2022-05-15 01:52:23 CEST.
Flavor | Version | Tinstall | Tcheck | Ttotal | Status | Flags |
---|---|---|---|---|---|---|
r-devel-linux-x86_64-debian-clang | 1.1.8 | 9.71 | 110.73 | 120.44 | OK | |
r-devel-linux-x86_64-debian-gcc | 1.1.8 | 8.76 | 86.30 | 95.06 | OK | |
r-devel-linux-x86_64-fedora-clang | 1.1.8 | 148.52 | NOTE | |||
r-devel-linux-x86_64-fedora-gcc | 1.1.8 | 138.33 | NOTE | |||
r-devel-windows-x86_64 | 1.1.8 | 109.00 | 174.00 | 283.00 | OK | |
r-patched-linux-x86_64 | 1.1.8 | 15.71 | 104.41 | 120.12 | OK | |
r-release-linux-x86_64 | 1.1.8 | 9.70 | 104.40 | 114.10 | OK | |
r-release-macos-arm64 | 1.1.8 | 41.00 | NOTE | |||
r-release-macos-x86_64 | 1.1.8 | 95.00 | NOTE | |||
r-release-windows-x86_64 | 1.1.8 | 108.00 | 173.00 | 281.00 | OK | |
r-oldrel-macos-arm64 | 1.1.8 | 42.00 | NOTE | |||
r-oldrel-macos-x86_64 | 1.1.8 | 70.00 | NOTE | |||
r-oldrel-windows-ix86+x86_64 | 1.1.8 | 19.00 | 161.00 | 180.00 | OK |
Version: 1.1.8
Check: Rd cross-references
Result: NOTE
Undeclared package ‘magrittr’ in Rd xrefs
Flavor: r-devel-linux-x86_64-fedora-clang
Version: 1.1.8
Check: data for non-ASCII characters
Result: NOTE
Note: found 60522 marked UTF-8 strings
Flavors: r-devel-linux-x86_64-fedora-clang, r-devel-linux-x86_64-fedora-gcc, r-release-macos-arm64, r-release-macos-x86_64, r-oldrel-macos-arm64, r-oldrel-macos-x86_64