Last updated on 2022-05-15 01:52:23 CEST.
Flavor | Version | Tinstall | Tcheck | Ttotal | Status | Flags |
---|---|---|---|---|---|---|
r-devel-linux-x86_64-debian-clang | 4.0.1 | 163.26 | 561.98 | 725.24 | OK | |
r-devel-linux-x86_64-debian-gcc | 4.0.1 | 130.64 | 409.12 | 539.76 | OK | |
r-devel-linux-x86_64-fedora-clang | 4.0.1 | 901.01 | NOTE | |||
r-devel-linux-x86_64-fedora-gcc | 4.0.1 | 847.17 | OK | |||
r-devel-windows-x86_64 | 4.0.1 | 206.00 | 600.00 | 806.00 | NOTE | |
r-patched-linux-x86_64 | 4.0.1 | 152.43 | 528.79 | 681.22 | OK | |
r-release-linux-x86_64 | 4.0.1 | 151.85 | 533.02 | 684.87 | OK | |
r-release-macos-arm64 | 4.0.1 | 6.00 | ERROR | |||
r-release-macos-x86_64 | 4.0.1 | 308.00 | NOTE | |||
r-release-windows-x86_64 | 4.0.1 | 217.00 | 596.00 | 813.00 | NOTE | |
r-oldrel-macos-arm64 | 4.0.1 | 208.00 | NOTE | |||
r-oldrel-macos-x86_64 | 4.0.1 | 293.00 | NOTE | |||
r-oldrel-windows-ix86+x86_64 | 4.0.1 | 348.00 | 990.00 | 1338.00 | NOTE |
Version: 4.0.1
Check: installed package size
Result: NOTE
installed size is 11.0Mb
sub-directories of 1Mb or more:
R 1.2Mb
doc 1.0Mb
extdata 1.2Mb
libs 7.1Mb
Flavors: r-devel-linux-x86_64-fedora-clang, r-devel-windows-x86_64, r-release-macos-x86_64, r-release-windows-x86_64, r-oldrel-macos-arm64, r-oldrel-macos-x86_64, r-oldrel-windows-ix86+x86_64
Version: 4.0.1
Check: package dependencies
Result: ERROR
Package required and available but unsuitable version: ‘terra’
See section ‘The DESCRIPTION file’ in the ‘Writing R Extensions’
manual.
Flavor: r-release-macos-arm64