Last updated on 2022-05-15 01:52:22 CEST.
Flavor | Version | Tinstall | Tcheck | Ttotal | Status | Flags |
---|---|---|---|---|---|---|
r-devel-linux-x86_64-debian-clang | 5.1.0 | 454.94 | 262.74 | 717.68 | OK | |
r-devel-linux-x86_64-debian-gcc | 5.1.0 | 423.81 | 192.87 | 616.68 | OK | |
r-devel-linux-x86_64-fedora-clang | 5.1.0 | 1011.38 | NOTE | |||
r-devel-linux-x86_64-fedora-gcc | 5.1.0 | 928.79 | OK | |||
r-devel-windows-x86_64 | 5.1.0 | 238.00 | 335.00 | 573.00 | NOTE | |
r-patched-linux-x86_64 | 5.1.0 | 381.97 | 249.33 | 631.30 | OK | |
r-release-linux-x86_64 | 5.1.0 | 398.15 | 254.70 | 652.85 | OK | |
r-release-macos-arm64 | 5.1.0 | 214.00 | NOTE | |||
r-release-macos-x86_64 | 5.1.0 | 376.00 | NOTE | |||
r-release-windows-x86_64 | 5.1.0 | 236.00 | 343.00 | 579.00 | NOTE | |
r-oldrel-macos-arm64 | 5.1.0 | 216.00 | NOTE | |||
r-oldrel-macos-x86_64 | 5.1.0 | 281.00 | NOTE | |||
r-oldrel-windows-ix86+x86_64 | 5.1.0 | 758.00 | 422.00 | 1180.00 | NOTE |
Version: 5.1.0
Check: installed package size
Result: NOTE
installed size is 27.8Mb
sub-directories of 1Mb or more:
doc 2.7Mb
libs 23.9Mb
Flavors: r-devel-linux-x86_64-fedora-clang, r-devel-windows-x86_64, r-release-macos-arm64, r-release-macos-x86_64, r-release-windows-x86_64, r-oldrel-macos-arm64, r-oldrel-macos-x86_64, r-oldrel-windows-ix86+x86_64