CRAN Package Check Results for Package l1ball

Last updated on 2022-05-15 01:52:22 CEST.

Flavor Version Tinstall Tcheck Ttotal Status Flags
r-devel-linux-x86_64-debian-clang 0.1.0 3.41 52.84 56.25 NOTE
r-devel-linux-x86_64-debian-gcc 0.1.0 2.77 41.05 43.82 NOTE
r-devel-linux-x86_64-fedora-clang 0.1.0 69.43 NOTE
r-devel-linux-x86_64-fedora-gcc 0.1.0 66.66 NOTE
r-devel-windows-x86_64 0.1.0 11.00 67.00 78.00 NOTE
r-patched-linux-x86_64 0.1.0 3.50 52.40 55.90 NOTE
r-release-linux-x86_64 0.1.0 3.96 51.37 55.33 NOTE
r-release-macos-arm64 0.1.0 22.00 NOTE
r-release-macos-x86_64 0.1.0 29.00 NOTE
r-release-windows-x86_64 0.1.0 9.00 66.00 75.00 NOTE
r-oldrel-macos-arm64 0.1.0 23.00 NOTE
r-oldrel-macos-x86_64 0.1.0 40.00 NOTE
r-oldrel-windows-ix86+x86_64 0.1.0 10.00 65.00 75.00 NOTE

Check Details

Version: 0.1.0
Check: LazyData
Result: NOTE
     'LazyData' is specified without a 'data' directory
Flavors: r-devel-linux-x86_64-debian-clang, r-devel-linux-x86_64-debian-gcc, r-devel-linux-x86_64-fedora-clang, r-devel-linux-x86_64-fedora-gcc, r-devel-windows-x86_64, r-patched-linux-x86_64, r-release-linux-x86_64, r-release-macos-arm64, r-release-macos-x86_64, r-release-windows-x86_64, r-oldrel-macos-arm64, r-oldrel-macos-x86_64, r-oldrel-windows-ix86+x86_64