Last updated on 2022-05-15 01:52:22 CEST.
Flavor | Version | Tinstall | Tcheck | Ttotal | Status | Flags |
---|---|---|---|---|---|---|
r-devel-linux-x86_64-debian-clang | 0.0.1 | 6.73 | 83.60 | 90.33 | NOTE | |
r-devel-linux-x86_64-debian-gcc | 0.0.1 | 6.44 | 61.91 | 68.35 | NOTE | |
r-devel-linux-x86_64-fedora-clang | 0.0.1 | 107.95 | NOTE | |||
r-devel-linux-x86_64-fedora-gcc | 0.0.1 | 104.95 | NOTE | |||
r-devel-windows-x86_64 | 0.0.1 | 12.00 | 90.00 | 102.00 | NOTE | |
r-patched-linux-x86_64 | 0.0.1 | 8.00 | 80.63 | 88.63 | NOTE | |
r-release-linux-x86_64 | 0.0.1 | 8.22 | 79.99 | 88.21 | NOTE | |
r-release-macos-arm64 | 0.0.1 | 29.00 | NOTE | |||
r-release-macos-x86_64 | 0.0.1 | 44.00 | NOTE | |||
r-release-windows-x86_64 | 0.0.1 | 12.00 | 91.00 | 103.00 | NOTE | |
r-oldrel-macos-arm64 | 0.0.1 | 35.00 | NOTE | |||
r-oldrel-macos-x86_64 | 0.0.1 | 47.00 | NOTE | |||
r-oldrel-windows-ix86+x86_64 | 0.0.1 | 17.00 | 90.00 | 107.00 | NOTE |
Version: 0.0.1
Check: LazyData
Result: NOTE
'LazyData' is specified without a 'data' directory
Flavors: r-devel-linux-x86_64-debian-clang, r-devel-linux-x86_64-debian-gcc, r-devel-linux-x86_64-fedora-clang, r-devel-linux-x86_64-fedora-gcc, r-devel-windows-x86_64, r-patched-linux-x86_64, r-release-linux-x86_64, r-release-macos-arm64, r-release-macos-x86_64, r-release-windows-x86_64, r-oldrel-macos-arm64, r-oldrel-macos-x86_64, r-oldrel-windows-ix86+x86_64