Last updated on 2022-05-15 01:52:22 CEST.
Flavor | Version | Tinstall | Tcheck | Ttotal | Status | Flags |
---|---|---|---|---|---|---|
r-devel-linux-x86_64-debian-clang | 0.1.1 | 11.92 | 91.51 | 103.43 | NOTE | |
r-devel-linux-x86_64-debian-gcc | 0.1.1 | 7.57 | 68.13 | 75.70 | NOTE | |
r-devel-linux-x86_64-fedora-clang | 0.1.1 | 133.90 | NOTE | |||
r-devel-linux-x86_64-fedora-gcc | 0.1.1 | 119.83 | NOTE | |||
r-devel-windows-x86_64 | 0.1.1 | 33.00 | 123.00 | 156.00 | NOTE | |
r-patched-linux-x86_64 | 0.1.1 | 16.95 | 86.08 | 103.03 | NOTE | |
r-release-linux-x86_64 | 0.1.1 | 8.19 | 87.24 | 95.43 | NOTE | |
r-release-macos-arm64 | 0.1.1 | 36.00 | NOTE | |||
r-release-macos-x86_64 | 0.1.1 | 62.00 | NOTE | |||
r-release-windows-x86_64 | 0.1.1 | 32.00 | 116.00 | 148.00 | NOTE | |
r-oldrel-macos-arm64 | 0.1.1 | 45.00 | NOTE | |||
r-oldrel-macos-x86_64 | 0.1.1 | 60.00 | NOTE | |||
r-oldrel-windows-ix86+x86_64 | 0.1.1 | 27.00 | 105.00 | 132.00 | NOTE |
Version: 0.1.1
Check: LazyData
Result: NOTE
'LazyData' is specified without a 'data' directory
Flavors: r-devel-linux-x86_64-debian-clang, r-devel-linux-x86_64-debian-gcc, r-devel-linux-x86_64-fedora-clang, r-devel-linux-x86_64-fedora-gcc, r-devel-windows-x86_64, r-patched-linux-x86_64, r-release-linux-x86_64, r-release-macos-arm64, r-release-macos-x86_64, r-release-windows-x86_64, r-oldrel-macos-arm64, r-oldrel-macos-x86_64, r-oldrel-windows-ix86+x86_64
Version: 0.1.1
Check: installed package size
Result: NOTE
installed size is 5.0Mb
sub-directories of 1Mb or more:
doc 3.2Mb
extdata 1.2Mb
Flavor: r-devel-linux-x86_64-fedora-clang
Version: 0.1.1
Check: dependencies in R code
Result: NOTE
Namespaces in Imports field not imported from:
‘Biostrings’ ‘Rsamtools’ ‘rtracklayer’
All declared Imports should be used.
Flavors: r-devel-linux-x86_64-fedora-clang, r-devel-linux-x86_64-fedora-gcc, r-release-macos-arm64, r-release-macos-x86_64, r-oldrel-macos-arm64, r-oldrel-macos-x86_64