Last updated on 2022-05-15 01:52:22 CEST.
Flavor | Version | Tinstall | Tcheck | Ttotal | Status | Flags |
---|---|---|---|---|---|---|
r-devel-linux-x86_64-debian-clang | 1.0.0 | 3.79 | 53.55 | 57.34 | NOTE | |
r-devel-linux-x86_64-debian-gcc | 1.0.0 | 3.57 | 41.06 | 44.63 | NOTE | |
r-devel-linux-x86_64-fedora-clang | 1.0.0 | 69.50 | NOTE | |||
r-devel-linux-x86_64-fedora-gcc | 1.0.0 | 66.71 | NOTE | |||
r-devel-windows-x86_64 | 1.0.0 | 11.00 | 64.00 | 75.00 | NOTE | |
r-patched-linux-x86_64 | 1.0.0 | 4.80 | 50.80 | 55.60 | NOTE | |
r-release-linux-x86_64 | 1.0.0 | 4.26 | 50.93 | 55.19 | NOTE | |
r-release-macos-arm64 | 1.0.0 | 21.00 | NOTE | |||
r-release-macos-x86_64 | 1.0.0 | 29.00 | NOTE | |||
r-release-windows-x86_64 | 1.0.0 | 9.00 | 66.00 | 75.00 | NOTE | |
r-oldrel-macos-arm64 | 1.0.0 | 22.00 | NOTE | |||
r-oldrel-macos-x86_64 | 1.0.0 | 41.00 | NOTE | |||
r-oldrel-windows-ix86+x86_64 | 1.0.0 | 10.00 | 63.00 | 73.00 | NOTE |
Version: 1.0.0
Check: LazyData
Result: NOTE
'LazyData' is specified without a 'data' directory
Flavors: r-devel-linux-x86_64-debian-clang, r-devel-linux-x86_64-debian-gcc, r-devel-linux-x86_64-fedora-clang, r-devel-linux-x86_64-fedora-gcc, r-devel-windows-x86_64, r-patched-linux-x86_64, r-release-linux-x86_64, r-release-macos-arm64, r-release-macos-x86_64, r-release-windows-x86_64, r-oldrel-macos-arm64, r-oldrel-macos-x86_64, r-oldrel-windows-ix86+x86_64