Last updated on 2022-05-15 01:52:22 CEST.
Flavor | Version | Tinstall | Tcheck | Ttotal | Status | Flags |
---|---|---|---|---|---|---|
r-devel-linux-x86_64-debian-clang | 0.4-7 | 15.36 | 123.19 | 138.55 | NOTE | |
r-devel-linux-x86_64-debian-gcc | 0.4-7 | 11.60 | 93.64 | 105.24 | NOTE | |
r-devel-linux-x86_64-fedora-clang | 0.4-7 | 166.24 | NOTE | |||
r-devel-linux-x86_64-fedora-gcc | 0.4-7 | 161.02 | NOTE | |||
r-devel-windows-x86_64 | 0.4-7 | 120.00 | 139.00 | 259.00 | OK | |
r-patched-linux-x86_64 | 0.4-7 | 14.74 | 114.75 | 129.49 | NOTE | |
r-release-linux-x86_64 | 0.4-7 | 14.34 | 117.14 | 131.48 | NOTE | |
r-release-macos-arm64 | 0.4-7 | 46.00 | OK | |||
r-release-macos-x86_64 | 0.4-7 | 69.00 | OK | |||
r-release-windows-x86_64 | 0.4-7 | 47.00 | 144.00 | 191.00 | OK | |
r-oldrel-macos-arm64 | 0.4-7 | 55.00 | OK | |||
r-oldrel-macos-x86_64 | 0.4-7 | 107.00 | OK | |||
r-oldrel-windows-ix86+x86_64 | 0.4-7 | 36.00 | 218.00 | 254.00 | OK |
Version: 0.4-7
Check: for non-standard things in the check directory
Result: NOTE
Found the following files/directories:
'my.Mobius.set.func.csv' 'my.card.set.func.csv' 'my.set.func.csv'
Flavors: r-devel-linux-x86_64-debian-clang, r-devel-linux-x86_64-debian-gcc, r-devel-linux-x86_64-fedora-clang, r-devel-linux-x86_64-fedora-gcc, r-patched-linux-x86_64, r-release-linux-x86_64
Version: 0.4-7
Check: compiled code
Result: NOTE
File ‘kappalab/libs/kappalab.so’:
Found no calls to: ‘R_registerRoutines’, ‘R_useDynamicSymbols’
It is good practice to register native routines and to disable symbol
search.
See ‘Writing portable packages’ in the ‘Writing R Extensions’ manual.
Flavors: r-devel-linux-x86_64-fedora-clang, r-devel-linux-x86_64-fedora-gcc