Last updated on 2022-05-15 01:52:22 CEST.
Flavor | Version | Tinstall | Tcheck | Ttotal | Status | Flags |
---|---|---|---|---|---|---|
r-devel-linux-x86_64-debian-clang | 1.3.0 | 40.90 | 257.08 | 297.98 | OK | |
r-devel-linux-x86_64-debian-gcc | 1.3.0 | 30.30 | 191.11 | 221.41 | OK | |
r-devel-linux-x86_64-fedora-clang | 1.3.0 | 359.99 | NOTE | |||
r-devel-linux-x86_64-fedora-gcc | 1.3.0 | 359.71 | NOTE | |||
r-devel-windows-x86_64 | 1.3.0 | 74.00 | 273.00 | 347.00 | OK | |
r-patched-linux-x86_64 | 1.3.0 | 36.52 | 241.62 | 278.14 | OK | |
r-release-linux-x86_64 | 1.3.0 | 33.83 | 238.31 | 272.14 | OK | |
r-release-macos-arm64 | 1.3.0 | 84.00 | NOTE | |||
r-release-macos-x86_64 | 1.3.0 | 150.00 | NOTE | |||
r-release-windows-x86_64 | 1.3.0 | 77.00 | 267.00 | 344.00 | OK | |
r-oldrel-macos-arm64 | 1.3.0 | 83.00 | NOTE | |||
r-oldrel-macos-x86_64 | 1.3.0 | 123.00 | NOTE | |||
r-oldrel-windows-ix86+x86_64 | 1.3.0 | 77.00 | 281.00 | 358.00 | OK |
Version: 1.3.0
Check: package dependencies
Result: NOTE
Imports includes 32 non-default packages.
Importing from so many packages makes the package vulnerable to any of
them becoming unavailable. Move as many as possible to Suggests and
use conditionally.
Flavor: r-devel-linux-x86_64-fedora-clang
Version: 1.3.0
Check: dependencies in R code
Result: NOTE
Namespaces in Imports field not imported from:
‘devEMF’ ‘survC1’
All declared Imports should be used.
Flavors: r-devel-linux-x86_64-fedora-clang, r-devel-linux-x86_64-fedora-gcc, r-release-macos-arm64, r-release-macos-x86_64, r-oldrel-macos-arm64, r-oldrel-macos-x86_64