Last updated on 2022-05-15 01:52:22 CEST.
Flavor | Version | Tinstall | Tcheck | Ttotal | Status | Flags |
---|---|---|---|---|---|---|
r-devel-linux-x86_64-debian-clang | 1.4.0 | 15.89 | 112.63 | 128.52 | NOTE | --no-vignettes |
r-devel-linux-x86_64-debian-gcc | 1.4.0 | 13.11 | 82.42 | 95.53 | NOTE | --no-vignettes |
r-devel-linux-x86_64-fedora-clang | 1.4.0 | 163.26 | NOTE | --no-vignettes | ||
r-devel-linux-x86_64-fedora-gcc | 1.4.0 | 153.66 | NOTE | --no-vignettes | ||
r-devel-windows-x86_64 | 1.4.0 | 76.00 | 147.00 | 223.00 | NOTE | --no-vignettes |
r-patched-linux-x86_64 | 1.4.0 | 19.86 | 102.30 | 122.16 | NOTE | --no-vignettes |
r-release-linux-x86_64 | 1.4.0 | 15.79 | 107.57 | 123.36 | NOTE | --no-vignettes |
r-release-macos-arm64 | 1.4.0 | 583.00 | NOTE | |||
r-release-macos-x86_64 | 1.4.0 | 1106.00 | NOTE | |||
r-release-windows-x86_64 | 1.4.0 | 59.00 | 122.00 | 181.00 | NOTE | --no-vignettes |
r-oldrel-macos-arm64 | 1.4.0 | 585.00 | NOTE | |||
r-oldrel-macos-x86_64 | 1.4.0 | 962.00 | NOTE | |||
r-oldrel-windows-ix86+x86_64 | 1.4.0 | 27.00 | 125.00 | 152.00 | NOTE | --no-vignettes |
Version: 1.4.0
Flags: --no-vignettes
Check: package dependencies
Result: NOTE
Packages suggested but not available for checking: 'gurobi', 'cplexAPI'
Flavors: r-devel-linux-x86_64-debian-clang, r-devel-linux-x86_64-debian-gcc, r-devel-linux-x86_64-fedora-clang, r-devel-linux-x86_64-fedora-gcc, r-devel-windows-x86_64, r-patched-linux-x86_64, r-release-linux-x86_64, r-release-windows-x86_64, r-oldrel-windows-ix86+x86_64
Version: 1.4.0
Check: package dependencies
Result: NOTE
Packages suggested but not available for checking: 'gurobi', 'cplexAPI'
Flavors: r-release-macos-arm64, r-release-macos-x86_64, r-oldrel-macos-arm64, r-oldrel-macos-x86_64