Last updated on 2022-05-15 01:52:22 CEST.
Flavor | Version | Tinstall | Tcheck | Ttotal | Status | Flags |
---|---|---|---|---|---|---|
r-devel-linux-x86_64-debian-clang | 1.3 | 58.64 | 40.48 | 99.12 | WARN | |
r-devel-linux-x86_64-debian-gcc | 1.3 | 47.90 | 31.25 | 79.15 | OK | |
r-devel-linux-x86_64-fedora-clang | 1.3 | 142.46 | WARN | |||
r-devel-linux-x86_64-fedora-gcc | 1.3 | 128.25 | OK | |||
r-devel-windows-x86_64 | 1.3 | 55.00 | 77.00 | 132.00 | OK | |
r-patched-linux-x86_64 | 1.3 | 55.68 | 38.40 | 94.08 | OK | |
r-release-linux-x86_64 | 1.3 | 45.51 | 39.61 | 85.12 | OK | |
r-release-macos-arm64 | 1.3 | 34.00 | OK | |||
r-release-macos-x86_64 | 1.3 | 45.00 | OK | |||
r-release-windows-x86_64 | 1.3 | 58.00 | 78.00 | 136.00 | OK | |
r-oldrel-macos-arm64 | 1.3 | 42.00 | OK | |||
r-oldrel-macos-x86_64 | 1.3 | 65.00 | OK | |||
r-oldrel-windows-ix86+x86_64 | 1.3 | 143.00 | 80.00 | 223.00 | OK |
Version: 1.3
Check: whether package can be installed
Result: WARN
Found the following significant warnings:
Genetics.cpp:363:20: warning: use of bitwise '&' with boolean operands [-Wbitwise-instead-of-logical]
Genetics.cpp:376:20: warning: use of bitwise '&' with boolean operands [-Wbitwise-instead-of-logical]
Genetics.cpp:376:51: warning: use of bitwise '&' with boolean operands [-Wbitwise-instead-of-logical]
Flavors: r-devel-linux-x86_64-debian-clang, r-devel-linux-x86_64-fedora-clang