CRAN Package Check Results for Package inflection

Last updated on 2022-05-15 01:52:21 CEST.

Flavor Version Tinstall Tcheck Ttotal Status Flags
r-devel-linux-x86_64-debian-clang 1.3.5 3.20 64.65 67.85 NOTE
r-devel-linux-x86_64-debian-gcc 1.3.5 1.98 50.00 51.98 NOTE
r-devel-linux-x86_64-fedora-clang 1.3.5 85.16 OK
r-devel-linux-x86_64-fedora-gcc 1.3.5 80.69 OK
r-devel-windows-x86_64 1.3.5 35.00 105.00 140.00 OK
r-patched-linux-x86_64 1.3.5 3.32 62.81 66.13 OK
r-release-linux-x86_64 1.3.5 2.96 62.70 65.66 OK
r-release-macos-arm64 1.3.5 28.00 OK
r-release-macos-x86_64 1.3.5 44.00 OK
r-release-windows-x86_64 1.3.5 34.00 100.00 134.00 OK
r-oldrel-macos-arm64 1.3.5 35.00 OK
r-oldrel-macos-x86_64 1.3.5 55.00 OK
r-oldrel-windows-ix86+x86_64 1.3.5 6.00 82.00 88.00 OK

Check Details

Version: 1.3.5
Check: HTML version of manual
Result: NOTE
    Found the following problems:
    ede.Rd:71:38: Warning: nested emphasis <code>
    ede.Rd:75:38: Warning: nested emphasis <code>
    ede.Rd:79:38: Warning: nested emphasis <code>
    ese.Rd:79:38: Warning: nested emphasis <code>
    ese.Rd:83:38: Warning: nested emphasis <code>
    ese.Rd:87:38: Warning: nested emphasis <code>
    findipl.Rd:69:38: Warning: nested emphasis <code>
    findiplist.Rd:81:38: Warning: nested emphasis <code>
    findiplist.Rd:85:38: Warning: nested emphasis <code>
    findiplist.Rd:89:38: Warning: nested emphasis <code>
    findiplist.Rd:93:38: Warning: nested emphasis <code>
    findiplist.Rd:97:38: Warning: nested emphasis <code>
    findiplist.Rd:101:38: Warning: nested emphasis <code>
Flavors: r-devel-linux-x86_64-debian-clang, r-devel-linux-x86_64-debian-gcc