Last updated on 2022-05-15 01:52:21 CEST.
Flavor | Version | Tinstall | Tcheck | Ttotal | Status | Flags |
---|---|---|---|---|---|---|
r-devel-linux-x86_64-debian-clang | 0.9.9 | 14.30 | 85.50 | 99.80 | NOTE | |
r-devel-linux-x86_64-debian-gcc | 0.9.9 | 7.37 | 64.64 | 72.01 | NOTE | |
r-devel-linux-x86_64-fedora-clang | 0.9.9 | 117.33 | NOTE | |||
r-devel-linux-x86_64-fedora-gcc | 0.9.9 | 111.16 | NOTE | |||
r-devel-windows-x86_64 | 0.9.9 | 38.00 | 103.00 | 141.00 | NOTE | |
r-patched-linux-x86_64 | 0.9.9 | 15.49 | 79.98 | 95.47 | NOTE | |
r-release-linux-x86_64 | 0.9.9 | 11.11 | 80.99 | 92.10 | NOTE | |
r-release-macos-arm64 | 0.9.9 | 32.00 | NOTE | |||
r-release-macos-x86_64 | 0.9.9 | 41.00 | NOTE | |||
r-release-windows-x86_64 | 0.9.9 | 39.00 | 102.00 | 141.00 | NOTE | |
r-oldrel-macos-arm64 | 0.9.9 | 36.00 | NOTE | |||
r-oldrel-macos-x86_64 | 0.9.9 | 61.00 | NOTE | |||
r-oldrel-windows-ix86+x86_64 | 0.9.9 | 22.00 | 96.00 | 118.00 | NOTE |
Version: 0.9.9
Check: package dependencies
Result: NOTE
Package suggested but not available for checking: 'optiRum'
Flavors: r-devel-linux-x86_64-debian-clang, r-devel-linux-x86_64-debian-gcc, r-devel-linux-x86_64-fedora-clang, r-devel-linux-x86_64-fedora-gcc, r-patched-linux-x86_64, r-release-linux-x86_64
Version: 0.9.9
Check: LazyData
Result: NOTE
'LazyData' is specified without a 'data' directory
Flavors: r-devel-linux-x86_64-debian-clang, r-devel-linux-x86_64-debian-gcc, r-devel-linux-x86_64-fedora-clang, r-devel-linux-x86_64-fedora-gcc, r-devel-windows-x86_64, r-patched-linux-x86_64, r-release-linux-x86_64, r-release-macos-arm64, r-release-macos-x86_64, r-release-windows-x86_64, r-oldrel-macos-arm64, r-oldrel-macos-x86_64, r-oldrel-windows-ix86+x86_64
Version: 0.9.9
Check: dependencies in R code
Result: NOTE
Namespace in Imports field not imported from: ‘testit’
All declared Imports should be used.
Flavors: r-devel-linux-x86_64-fedora-clang, r-devel-linux-x86_64-fedora-gcc, r-release-macos-arm64, r-release-macos-x86_64, r-oldrel-macos-arm64, r-oldrel-macos-x86_64
Version: 0.9.9
Check: Rd cross-references
Result: NOTE
Undeclared package ‘matlab’ in Rd xrefs
Flavor: r-devel-linux-x86_64-fedora-clang