Last updated on 2022-05-15 01:52:21 CEST.
Flavor | Version | Tinstall | Tcheck | Ttotal | Status | Flags |
---|---|---|---|---|---|---|
r-devel-linux-x86_64-debian-clang | 1.6.5 | 43.03 | 208.95 | 251.98 | OK | |
r-devel-linux-x86_64-debian-gcc | 1.6.5 | 33.13 | 156.09 | 189.22 | OK | |
r-devel-linux-x86_64-fedora-clang | 1.6.5 | 326.22 | NOTE | |||
r-devel-linux-x86_64-fedora-gcc | 1.6.5 | 294.59 | OK | |||
r-devel-windows-x86_64 | 1.6.5 | 68.00 | 220.00 | 288.00 | OK | |
r-patched-linux-x86_64 | 1.6.5 | 45.48 | 192.45 | 237.93 | OK | |
r-release-linux-x86_64 | 1.6.5 | 37.25 | 194.81 | 232.06 | OK | |
r-release-macos-arm64 | 1.6.5 | 73.00 | OK | |||
r-release-macos-x86_64 | 1.6.5 | 130.00 | OK | |||
r-release-windows-x86_64 | 1.6.5 | 78.00 | 221.00 | 299.00 | OK | |
r-oldrel-macos-arm64 | 1.6.5 | 82.00 | OK | |||
r-oldrel-macos-x86_64 | 1.6.5 | 103.00 | OK | |||
r-oldrel-windows-ix86+x86_64 | 1.6.5 | 100.00 | 269.00 | 369.00 | OK |
Version: 1.6.5
Check: package dependencies
Result: NOTE
Imports includes 26 non-default packages.
Importing from so many packages makes the package vulnerable to any of
them becoming unavailable. Move as many as possible to Suggests and
use conditionally.
Flavor: r-devel-linux-x86_64-fedora-clang