Last updated on 2022-05-15 01:52:21 CEST.
Flavor | Version | Tinstall | Tcheck | Ttotal | Status | Flags |
---|---|---|---|---|---|---|
r-devel-linux-x86_64-debian-clang | 0.8.3 | 2.96 | 64.46 | 67.42 | OK | |
r-devel-linux-x86_64-debian-gcc | 0.8.3 | 2.94 | 47.41 | 50.35 | OK | |
r-devel-linux-x86_64-fedora-clang | 0.8.3 | 81.20 | NOTE | |||
r-devel-linux-x86_64-fedora-gcc | 0.8.3 | 80.02 | NOTE | |||
r-devel-windows-x86_64 | 0.8.3 | 38.00 | 84.00 | 122.00 | OK | |
r-patched-linux-x86_64 | 0.8.3 | 3.39 | 60.54 | 63.93 | OK | |
r-release-linux-x86_64 | 0.8.3 | 3.72 | 60.81 | 64.53 | OK | |
r-release-macos-arm64 | 0.8.3 | 26.00 | NOTE | |||
r-release-macos-x86_64 | 0.8.3 | 35.00 | OK | |||
r-release-windows-x86_64 | 0.8.3 | 32.00 | 81.00 | 113.00 | OK | |
r-oldrel-macos-arm64 | 0.8.3 | 30.00 | OK | |||
r-oldrel-macos-x86_64 | 0.8.3 | 60.00 | OK | |||
r-oldrel-windows-ix86+x86_64 | 0.8.3 | 7.00 | 80.00 | 87.00 | OK |
Version: 0.8.3
Check: package dependencies
Result: NOTE
Package suggested but not available for checking: ‘flowCore’
Flavors: r-devel-linux-x86_64-fedora-clang, r-devel-linux-x86_64-fedora-gcc, r-release-macos-arm64