Last updated on 2022-05-15 01:52:21 CEST.
Flavor | Version | Tinstall | Tcheck | Ttotal | Status | Flags |
---|---|---|---|---|---|---|
r-devel-linux-x86_64-debian-clang | 5.4.0 | 17.95 | 209.33 | 227.28 | OK | |
r-devel-linux-x86_64-debian-gcc | 5.4.0 | 12.97 | 149.80 | 162.77 | OK | |
r-devel-linux-x86_64-fedora-clang | 5.4.0 | 270.67 | NOTE | |||
r-devel-linux-x86_64-fedora-gcc | 5.4.0 | 276.49 | NOTE | |||
r-devel-windows-x86_64 | 5.4.0 | 141.00 | 252.00 | 393.00 | OK | |
r-patched-linux-x86_64 | 5.4.0 | 18.10 | 196.54 | 214.64 | OK | |
r-release-linux-x86_64 | 5.4.0 | 13.39 | 194.06 | 207.45 | OK | |
r-release-macos-arm64 | 5.4.0 | 73.00 | NOTE | |||
r-release-macos-x86_64 | 5.4.0 | 102.00 | NOTE | |||
r-release-windows-x86_64 | 5.4.0 | 142.00 | 244.00 | 386.00 | OK | |
r-oldrel-macos-arm64 | 5.4.0 | 83.00 | NOTE | |||
r-oldrel-macos-x86_64 | 5.4.0 | 142.00 | NOTE | |||
r-oldrel-windows-ix86+x86_64 | 5.4.0 | 32.00 | 247.00 | 279.00 | OK |
Version: 5.4.0
Check: dependencies in R code
Result: NOTE
Namespaces in Imports field not imported from:
‘R6’ ‘xml2’
All declared Imports should be used.
Flavors: r-devel-linux-x86_64-fedora-clang, r-devel-linux-x86_64-fedora-gcc, r-release-macos-arm64, r-release-macos-x86_64, r-oldrel-macos-arm64, r-oldrel-macos-x86_64