CRAN Package Check Results for Package hoardeR

Last updated on 2022-05-15 01:52:21 CEST.

Flavor Version Tinstall Tcheck Ttotal Status Flags
r-devel-linux-x86_64-debian-clang 0.9.4-2 30.50 289.09 319.59 OK
r-devel-linux-x86_64-debian-gcc 0.9.4-2 25.06 213.60 238.66 OK
r-devel-linux-x86_64-fedora-clang 0.9.4-2 389.19 NOTE
r-devel-linux-x86_64-fedora-gcc 0.9.4-2 374.87 NOTE
r-devel-windows-x86_64 0.9.4-2 43.00 261.00 304.00 OK
r-patched-linux-x86_64 0.9.4-2 28.78 274.28 303.06 OK
r-release-linux-x86_64 0.9.4-2 29.10 272.68 301.78 OK
r-release-macos-arm64 0.9.4-2 93.00 NOTE
r-release-macos-x86_64 0.9.4-2 8.00 ERROR
r-release-windows-x86_64 0.9.4-2 41.00 258.00 299.00 OK
r-oldrel-macos-arm64 0.9.4-2 119.00 NOTE
r-oldrel-macos-x86_64 0.9.4-2 6.00 ERROR
r-oldrel-windows-ix86+x86_64 0.9.4-2 63.00 283.00 346.00 OK

Check Details

Version: 0.9.4-2
Check: dependencies in R code
Result: NOTE
    Namespaces in Imports field not imported from:
     ‘knitr’ ‘rmarkdown’
     All declared Imports should be used.
Flavors: r-devel-linux-x86_64-fedora-clang, r-devel-linux-x86_64-fedora-gcc, r-release-macos-arm64, r-oldrel-macos-arm64

Version: 0.9.4-2
Check: package dependencies
Result: ERROR
    Package required but not available: ‘bamsignals’
    
    See section ‘The DESCRIPTION file’ in the ‘Writing R Extensions’
    manual.
Flavors: r-release-macos-x86_64, r-oldrel-macos-x86_64