Last updated on 2022-05-15 01:52:21 CEST.
Flavor | Version | Tinstall | Tcheck | Ttotal | Status | Flags |
---|---|---|---|---|---|---|
r-devel-linux-x86_64-debian-clang | 2.1.6 | 62.75 | 445.49 | 508.24 | OK | |
r-devel-linux-x86_64-debian-gcc | 2.1.6 | 46.93 | 315.87 | 362.80 | OK | |
r-devel-linux-x86_64-fedora-clang | 2.1.6 | 610.92 | OK | |||
r-devel-linux-x86_64-fedora-gcc | 2.1.6 | 617.21 | OK | |||
r-devel-windows-x86_64 | 2.1.6 | 110.00 | 485.00 | 595.00 | OK | |
r-patched-linux-x86_64 | 2.1.6 | 50.13 | 407.42 | 457.55 | OK | |
r-release-linux-x86_64 | 2.1.6 | 50.82 | 418.36 | 469.18 | WARN | |
r-release-macos-arm64 | 2.1.6 | 144.00 | OK | |||
r-release-macos-x86_64 | 2.1.6 | 221.00 | OK | |||
r-release-windows-x86_64 | 2.1.6 | 114.00 | 435.00 | 549.00 | OK | |
r-oldrel-macos-arm64 | 2.1.6 | 194.00 | OK | |||
r-oldrel-macos-x86_64 | 2.1.6 | 186.00 | OK | |||
r-oldrel-windows-ix86+x86_64 | 2.1.6 | 178.00 | 615.00 | 793.00 | OK |
Version: 2.1.6
Check: package dependencies
Result: WARN
Requires orphaned package: ‘geiger’
Flavor: r-release-linux-x86_64