Last updated on 2022-05-15 01:52:21 CEST.
Flavor | Version | Tinstall | Tcheck | Ttotal | Status | Flags |
---|---|---|---|---|---|---|
r-devel-linux-x86_64-debian-clang | 1.5.1 | 22.43 | 210.84 | 233.27 | OK | |
r-devel-linux-x86_64-debian-gcc | 1.5.1 | 15.75 | 153.34 | 169.09 | OK | |
r-devel-linux-x86_64-fedora-clang | 1.5.1 | 280.90 | OK | |||
r-devel-linux-x86_64-fedora-gcc | 1.5.1 | 277.85 | OK | |||
r-devel-windows-x86_64 | 1.5.1 | 34.00 | 218.00 | 252.00 | OK | |
r-patched-linux-x86_64 | 1.5.1 | 18.24 | 195.98 | 214.22 | OK | |
r-release-linux-x86_64 | 1.5.1 | 18.15 | 196.32 | 214.47 | WARN | |
r-release-macos-arm64 | 1.5.1 | 68.00 | OK | |||
r-release-macos-x86_64 | 1.5.1 | 123.00 | OK | |||
r-release-windows-x86_64 | 1.5.1 | 40.00 | 211.00 | 251.00 | OK | |
r-oldrel-macos-arm64 | 1.5.1 | 82.00 | OK | |||
r-oldrel-macos-x86_64 | 1.5.1 | 135.00 | OK | |||
r-oldrel-windows-ix86+x86_64 | 1.5.1 | 45.00 | 227.00 | 272.00 | OK |
Version: 1.5.1
Check: package dependencies
Result: WARN
Requires orphaned package: ‘geiger’
Flavor: r-release-linux-x86_64