Last updated on 2022-05-15 01:52:21 CEST.
Flavor | Version | Tinstall | Tcheck | Ttotal | Status | Flags |
---|---|---|---|---|---|---|
r-devel-linux-x86_64-debian-clang | 1.0.1 | 222.64 | 84.74 | 307.38 | OK | |
r-devel-linux-x86_64-debian-gcc | 1.0.1 | 189.72 | 64.58 | 254.30 | OK | |
r-devel-linux-x86_64-fedora-clang | 1.0.1 | 500.75 | NOTE | |||
r-devel-linux-x86_64-fedora-gcc | 1.0.1 | 405.64 | OK | |||
r-devel-windows-x86_64 | 1.0.1 | 173.00 | 122.00 | 295.00 | NOTE | |
r-patched-linux-x86_64 | 1.0.1 | 198.79 | 81.24 | 280.03 | OK | |
r-release-linux-x86_64 | 1.0.1 | 201.24 | 80.60 | 281.84 | OK | |
r-release-macos-arm64 | 1.0.1 | 93.00 | NOTE | |||
r-release-macos-x86_64 | 1.0.1 | 121.00 | NOTE | |||
r-release-windows-x86_64 | 1.0.1 | 171.00 | 124.00 | 295.00 | NOTE | |
r-oldrel-macos-arm64 | 1.0.1 | 119.00 | NOTE | |||
r-oldrel-macos-x86_64 | 1.0.1 | 128.00 | NOTE | |||
r-oldrel-windows-ix86+x86_64 | 1.0.1 | 530.00 | 132.00 | 662.00 | NOTE |
Version: 1.0.1
Check: installed package size
Result: NOTE
installed size is 18.4Mb
sub-directories of 1Mb or more:
extdata 8.9Mb
libs 9.4Mb
Flavors: r-devel-linux-x86_64-fedora-clang, r-devel-windows-x86_64, r-release-macos-arm64, r-release-macos-x86_64, r-release-windows-x86_64, r-oldrel-macos-arm64, r-oldrel-macos-x86_64, r-oldrel-windows-ix86+x86_64