Last updated on 2022-05-15 01:52:21 CEST.
Flavor | Version | Tinstall | Tcheck | Ttotal | Status | Flags |
---|---|---|---|---|---|---|
r-devel-linux-x86_64-debian-clang | 0.5.2 | 347.25 | 460.91 | 808.16 | OK | |
r-devel-linux-x86_64-debian-gcc | 0.5.2 | 315.62 | 317.86 | 633.48 | OK | |
r-devel-linux-x86_64-fedora-clang | 0.5.2 | 1100.90 | NOTE | |||
r-devel-linux-x86_64-fedora-gcc | 0.5.2 | 1034.63 | NOTE | |||
r-devel-windows-x86_64 | 0.5.2 | 503.00 | 561.00 | 1064.00 | NOTE | |
r-patched-linux-x86_64 | 0.5.2 | 348.11 | 390.65 | 738.76 | OK | |
r-release-linux-x86_64 | 0.5.2 | 330.69 | 391.21 | 721.90 | OK | |
r-release-macos-arm64 | 0.5.2 | 290.00 | NOTE | |||
r-release-macos-x86_64 | 0.5.2 | 484.00 | NOTE | |||
r-release-windows-x86_64 | 0.5.2 | 481.00 | 578.00 | 1059.00 | NOTE | |
r-oldrel-macos-arm64 | 0.5.2 | 258.00 | NOTE | |||
r-oldrel-macos-x86_64 | 0.5.2 | 347.00 | NOTE | |||
r-oldrel-windows-ix86+x86_64 | 0.5.2 | 858.00 | 660.00 | 1518.00 | NOTE |
Version: 0.5.2
Check: installed package size
Result: NOTE
installed size is 21.1Mb
sub-directories of 1Mb or more:
doc 2.2Mb
libs 17.0Mb
Flavors: r-devel-linux-x86_64-fedora-clang, r-devel-windows-x86_64, r-release-macos-arm64, r-release-macos-x86_64, r-release-windows-x86_64, r-oldrel-macos-arm64, r-oldrel-macos-x86_64, r-oldrel-windows-ix86+x86_64
Version: 0.5.2
Check: dependencies in R code
Result: NOTE
Namespace in Imports field not imported from: ‘R6’
All declared Imports should be used.
Flavors: r-devel-linux-x86_64-fedora-clang, r-devel-linux-x86_64-fedora-gcc, r-release-macos-arm64, r-release-macos-x86_64, r-oldrel-macos-arm64, r-oldrel-macos-x86_64